Last updated on 2024-05-04 01:48:53 CEST.
Flavor | Version | Tinstall | Tcheck | Ttotal | Status | Flags |
---|---|---|---|---|---|---|
r-devel-linux-x86_64-debian-clang | 1.0.3 | 18.58 | 398.42 | 417.00 | OK | |
r-devel-linux-x86_64-fedora-clang | 1.0.3 | 497.01 | NOTE | |||
r-devel-linux-x86_64-fedora-gcc | 1.0.3 | 514.37 | OK | |||
r-devel-windows-x86_64 | 1.0.3 | 16.00 | 289.00 | 305.00 | OK | |
r-patched-linux-x86_64 | 1.0.3 | 12.96 | 368.71 | 381.67 | OK | |
r-release-linux-x86_64 | 1.0.3 | 12.64 | 362.82 | 375.46 | OK | |
r-release-macos-arm64 | 1.0.3 | 149.00 | OK | |||
r-release-macos-x86_64 | 1.0.3 | 372.00 | OK | |||
r-release-windows-x86_64 | 1.0.3 | 17.00 | 275.00 | 292.00 | OK | |
r-oldrel-macos-arm64 | 1.0.3 | 151.00 | OK | |||
r-oldrel-macos-x86_64 | 1.0.3 | 374.00 | OK | |||
r-oldrel-windows-x86_64 | 1.0.3 | 22.00 | 366.00 | 388.00 | OK |
Version: 1.0.3
Check: Rd cross-references
Result: NOTE
Undeclared package ‘future’ in Rd xrefs
Flavor: r-devel-linux-x86_64-fedora-clang
These binaries (installable software) and packages are in development.
They may not be fully stable and should be used with caution. We make no claims about them.