Last updated on 2025-10-23 11:50:23 CEST.
Flavor | Version | Tinstall | Tcheck | Ttotal | Status | Flags |
---|---|---|---|---|---|---|
r-devel-linux-x86_64-debian-clang | 2025.04.28 | 16.13 | 107.51 | 123.64 | NOTE | |
r-devel-linux-x86_64-debian-gcc | 2025.04.28 | 12.40 | 70.95 | 83.35 | OK | |
r-devel-linux-x86_64-fedora-clang | 2025.04.28 | 74.00 | 123.37 | 197.37 | OK | |
r-devel-linux-x86_64-fedora-gcc | 2025.04.28 | 109.00 | 84.33 | 193.33 | OK | |
r-devel-windows-x86_64 | 2025.04.28 | 25.00 | 119.00 | 144.00 | OK | |
r-patched-linux-x86_64 | 2025.04.28 | 16.82 | 99.25 | 116.07 | OK | |
r-release-linux-x86_64 | 2025.04.28 | 14.78 | 98.67 | 113.45 | OK | |
r-release-macos-arm64 | 2025.04.28 | 10.00 | 41.00 | 51.00 | OK | |
r-release-macos-x86_64 | 2025.04.28 | 18.00 | 79.00 | 97.00 | OK | |
r-release-windows-x86_64 | 2025.04.28 | 28.00 | 119.00 | 147.00 | OK | |
r-oldrel-macos-arm64 | 2025.04.28 | 10.00 | 44.00 | 54.00 | OK | |
r-oldrel-macos-x86_64 | 2025.04.28 | 14.00 | 88.00 | 102.00 | OK | |
r-oldrel-windows-x86_64 | 2025.04.28 | 34.00 | 148.00 | 182.00 | OK |
Version: 2025.04.28
Check: HTML version of manual
Result: NOTE
Found the following HTML validation problems:
checkCauses.html:50:1 (checkCauses.Rd:12): Warning: missing </ul> before </div>
head.Hist.html:47:1 (head.Hist.Rd:10): Warning: missing </ul> before </div>
is.na.Hist.html:48:1 (is.na.Hist.Rd:10): Warning: missing </ul> before </div>
str.Hist.html:47:1 (str.Hist.Rd:10): Warning: missing </ul> before </div>
sub-.Hist.html:60:1 (sub-.Hist.Rd:16): Warning: missing </ul> before </div>
subset.Hist.html:64:1 (subset.Hist.Rd:18): Warning: missing </ul> before </div>
tail.Hist.html:47:1 (tail.Hist.Rd:10): Warning: missing </ul> before </div>
Flavor: r-devel-linux-x86_64-debian-clang
These binaries (installable software) and packages are in development.
They may not be fully stable and should be used with caution. We make no claims about them.