Last updated on 2024-05-04 01:48:53 CEST.
Flavor | Version | Tinstall | Tcheck | Ttotal | Status | Flags |
---|---|---|---|---|---|---|
r-devel-linux-x86_64-debian-clang | 2.1.3 | 7.81 | 59.29 | 67.10 | OK | |
r-devel-linux-x86_64-fedora-clang | 2.1.3 | 83.28 | NOTE | |||
r-devel-linux-x86_64-fedora-gcc | 2.1.3 | 77.94 | NOTE | |||
r-devel-windows-x86_64 | 2.1.3 | 9.00 | 67.00 | 76.00 | OK | |
r-patched-linux-x86_64 | 2.1.3 | 8.11 | 56.60 | 64.71 | OK | |
r-release-linux-x86_64 | 2.1.3 | 4.40 | 56.08 | 60.48 | OK | |
r-release-macos-arm64 | 2.1.3 | 27.00 | OK | |||
r-release-windows-x86_64 | 2.1.3 | 7.00 | 66.00 | 73.00 | OK | |
r-oldrel-macos-arm64 | 2.1.3 | 28.00 | OK | |||
r-oldrel-macos-x86_64 | 2.1.3 | 37.00 | OK | |||
r-oldrel-windows-x86_64 | 2.1.3 | 8.00 | 74.00 | 82.00 | OK |
Version: 2.1.3
Check: dependencies in R code
Result: NOTE
Namespace in Imports field not imported from: ‘methods’
All declared Imports should be used.
Flavors: r-devel-linux-x86_64-fedora-clang, r-devel-linux-x86_64-fedora-gcc
These binaries (installable software) and packages are in development.
They may not be fully stable and should be used with caution. We make no claims about them.