Last updated on 2024-05-04 01:48:53 CEST.
Flavor | Version | Tinstall | Tcheck | Ttotal | Status | Flags |
---|---|---|---|---|---|---|
r-devel-linux-x86_64-debian-clang | 2.3.0 | 87.75 | 33.28 | 121.03 | OK | |
r-devel-linux-x86_64-fedora-clang | 2.3.0 | 169.96 | NOTE | |||
r-devel-linux-x86_64-fedora-gcc | 2.3.0 | 177.27 | OK | |||
r-devel-windows-x86_64 | 2.3.0 | 67.00 | 83.00 | 150.00 | OK | |
r-patched-linux-x86_64 | 2.3.0 | 88.34 | 32.30 | 120.64 | OK | |
r-release-linux-x86_64 | 2.3.0 | 90.36 | 32.42 | 122.78 | OK | |
r-release-macos-arm64 | 2.3.0 | 39.00 | NOTE | |||
r-release-windows-x86_64 | 2.3.0 | 69.00 | 85.00 | 154.00 | OK | |
r-oldrel-macos-arm64 | 2.3.0 | 126.00 | NOTE | |||
r-oldrel-macos-x86_64 | 2.3.0 | 75.00 | NOTE | |||
r-oldrel-windows-x86_64 | 2.3.0 | 68.00 | 90.00 | 158.00 | OK |
Version: 2.3.0
Check: Rd cross-references
Result: NOTE
Undeclared package ‘RProtoBuf’ in Rd xrefs
Flavor: r-devel-linux-x86_64-fedora-clang
Version: 2.3.0
Check: installed package size
Result: NOTE
installed size is 21.4Mb
sub-directories of 1Mb or more:
libs 21.3Mb
Flavors: r-release-macos-arm64, r-oldrel-macos-arm64, r-oldrel-macos-x86_64
These binaries (installable software) and packages are in development.
They may not be fully stable and should be used with caution. We make no claims about them.