Last updated on 2024-05-04 01:48:53 CEST.
Flavor | Version | Tinstall | Tcheck | Ttotal | Status | Flags |
---|---|---|---|---|---|---|
r-devel-linux-x86_64-debian-clang | 0.8.0 | 25.95 | 253.09 | 279.04 | NOTE | |
r-devel-linux-x86_64-fedora-clang | 0.8.0 | 385.14 | OK | |||
r-devel-linux-x86_64-fedora-gcc | 0.8.0 | 349.40 | OK | |||
r-devel-windows-x86_64 | 0.8.0 | 22.00 | 209.00 | 231.00 | OK | |
r-patched-linux-x86_64 | 0.8.0 | 28.04 | 246.97 | 275.01 | OK | |
r-release-linux-x86_64 | 0.8.0 | 15.61 | 254.29 | 269.90 | OK | |
r-release-macos-arm64 | 0.8.0 | 93.00 | NOTE | |||
r-release-macos-x86_64 | 0.8.0 | 248.00 | OK | |||
r-release-windows-x86_64 | 0.8.0 | 21.00 | 208.00 | 229.00 | OK | |
r-oldrel-macos-arm64 | 0.8.0 | 96.00 | NOTE | |||
r-oldrel-macos-x86_64 | 0.8.0 | 217.00 | NOTE | |||
r-oldrel-windows-x86_64 | 0.8.0 | 27.00 | 259.00 | 286.00 | OK |
Version: 0.8.0
Check: package dependencies
Result: NOTE
Package suggested but not available for checking: ‘proDA’
Flavors: r-devel-linux-x86_64-debian-clang, r-release-macos-arm64, r-oldrel-macos-arm64, r-oldrel-macos-x86_64
These binaries (installable software) and packages are in development.
They may not be fully stable and should be used with caution. We make no claims about them.