Last updated on 2024-05-04 01:48:53 CEST.
Flavor | Version | Tinstall | Tcheck | Ttotal | Status | Flags |
---|---|---|---|---|---|---|
r-devel-linux-x86_64-debian-clang | 1.0.9 | 3.05 | 20.47 | 23.52 | NOTE | |
r-devel-linux-x86_64-fedora-clang | 1.0.9 | 30.29 | NOTE | |||
r-devel-linux-x86_64-fedora-gcc | 1.0.9 | 28.45 | NOTE | |||
r-devel-windows-x86_64 | 1.0.9 | 3.00 | 38.00 | 41.00 | NOTE | |
r-patched-linux-x86_64 | 1.0.9 | 1.48 | 19.57 | 21.05 | NOTE | |
r-release-linux-x86_64 | 1.0.9 | 2.49 | 19.79 | 22.28 | NOTE | |
r-release-macos-arm64 | 1.0.9 | 15.00 | NOTE | |||
r-release-windows-x86_64 | 1.0.9 | 3.00 | 37.00 | 40.00 | NOTE | |
r-oldrel-macos-arm64 | 1.0.9 | 14.00 | NOTE | |||
r-oldrel-macos-x86_64 | 1.0.9 | 20.00 | NOTE | |||
r-oldrel-windows-x86_64 | 1.0.9 | 4.00 | 37.00 | 41.00 | NOTE |
Version: 1.0.9
Check: package dependencies
Result: NOTE
Package suggested but not available for checking: ‘rdt’
Flavors: r-devel-linux-x86_64-debian-clang, r-devel-linux-x86_64-fedora-clang, r-devel-linux-x86_64-fedora-gcc, r-devel-windows-x86_64, r-patched-linux-x86_64, r-release-linux-x86_64, r-release-macos-arm64, r-release-windows-x86_64, r-oldrel-macos-arm64, r-oldrel-macos-x86_64, r-oldrel-windows-x86_64
These binaries (installable software) and packages are in development.
They may not be fully stable and should be used with caution. We make no claims about them.