Last updated on 2024-05-04 01:48:53 CEST.
Flavor | Version | Tinstall | Tcheck | Ttotal | Status | Flags |
---|---|---|---|---|---|---|
r-devel-linux-x86_64-debian-clang | 0.0.3.4 | 17.99 | 147.71 | 165.70 | NOTE | |
r-devel-linux-x86_64-fedora-clang | 0.0.3.4 | 215.67 | NOTE | |||
r-devel-linux-x86_64-fedora-gcc | 0.0.3.4 | 217.13 | NOTE | |||
r-devel-windows-x86_64 | 0.0.3.4 | 16.00 | 148.00 | 164.00 | NOTE | |
r-patched-linux-x86_64 | 0.0.3.4 | 18.29 | 139.41 | 157.70 | NOTE | |
r-release-linux-x86_64 | 0.0.3.3 | 16.99 | 143.14 | 160.13 | NOTE | |
r-release-macos-arm64 | 0.0.3.4 | 72.00 | NOTE | |||
r-release-macos-x86_64 | 0.0.3.4 | 194.00 | NOTE | |||
r-release-windows-x86_64 | 0.0.3.3 | 16.00 | 147.00 | 163.00 | NOTE | |
r-oldrel-macos-arm64 | 0.0.3.4 | 84.00 | NOTE | |||
r-oldrel-macos-x86_64 | 0.0.3.4 | 171.00 | NOTE | |||
r-oldrel-windows-x86_64 | 0.0.3.4 | 19.00 | 172.00 | 191.00 | NOTE |
Version: 0.0.3.4
Check: package dependencies
Result: NOTE
Package suggested but not available for checking: ‘cmdstanr’
Flavors: r-devel-linux-x86_64-debian-clang, r-devel-linux-x86_64-fedora-clang, r-devel-linux-x86_64-fedora-gcc, r-devel-windows-x86_64, r-patched-linux-x86_64, r-release-macos-arm64, r-release-macos-x86_64, r-oldrel-macos-arm64, r-oldrel-macos-x86_64, r-oldrel-windows-x86_64
Version: 0.0.3.3
Check: package dependencies
Result: NOTE
Package suggested but not available for checking: ‘cmdstanr’
Flavors: r-release-linux-x86_64, r-release-windows-x86_64
These binaries (installable software) and packages are in development.
They may not be fully stable and should be used with caution. We make no claims about them.