CRAN Package Check Results for Package psymetadata

Last updated on 2025-10-23 21:51:37 CEST.

Flavor Version Tinstall Tcheck Ttotal Status Flags
r-devel-linux-x86_64-debian-clang 1.0.1 1.87 24.17 26.04 OK
r-devel-linux-x86_64-debian-gcc 1.0.1 1.52 18.82 20.34 OK
r-devel-linux-x86_64-fedora-clang 1.0.1 36.09 NOTE
r-devel-linux-x86_64-fedora-gcc 1.0.1 34.45 NOTE
r-devel-windows-x86_64 1.0.1 3.00 43.00 46.00 OK
r-patched-linux-x86_64 1.0.1 1.65 21.38 23.03 OK
r-release-linux-x86_64 1.0.1 1.85 21.38 23.23 OK
r-release-macos-arm64 1.0.1 1.00 16.00 17.00 OK
r-release-macos-x86_64 1.0.1 3.00 35.00 38.00 OK
r-release-windows-x86_64 1.0.1 3.00 45.00 48.00 OK
r-oldrel-macos-arm64 1.0.1 1.00 15.00 16.00 OK
r-oldrel-macos-x86_64 1.0.1 2.00 21.00 23.00 OK
r-oldrel-windows-x86_64 1.0.1 4.00 49.00 53.00 OK

Check Details

Version: 1.0.1
Check: dependencies in R code
Result: NOTE Namespace in Imports field not imported from: ‘Rdpack’ All declared Imports should be used. Flavors: r-devel-linux-x86_64-fedora-clang, r-devel-linux-x86_64-fedora-gcc

These binaries (installable software) and packages are in development.
They may not be fully stable and should be used with caution. We make no claims about them.