Last updated on 2024-05-04 01:48:54 CEST.
Flavor | Version | Tinstall | Tcheck | Ttotal | Status | Flags |
---|---|---|---|---|---|---|
r-devel-linux-x86_64-debian-clang | 2.8 | 9.53 | 27.49 | 37.02 | OK | |
r-devel-linux-x86_64-fedora-clang | 2.8 | 52.17 | NOTE | |||
r-devel-linux-x86_64-fedora-gcc | 2.8 | 48.54 | NOTE | |||
r-devel-windows-x86_64 | 2.8 | 13.00 | 52.00 | 65.00 | OK | |
r-patched-linux-x86_64 | 2.8 | 7.99 | 27.53 | 35.52 | OK | |
r-release-linux-x86_64 | 2.8 | 9.07 | 26.34 | 35.41 | OK | |
r-release-macos-arm64 | 2.8 | 22.00 | OK | |||
r-release-windows-x86_64 | 2.8 | 11.00 | 51.00 | 62.00 | OK | |
r-oldrel-macos-arm64 | 2.8 | 23.00 | OK | |||
r-oldrel-macos-x86_64 | 2.8 | 33.00 | OK | |||
r-oldrel-windows-x86_64 | 2.8 | 13.00 | 70.00 | 83.00 | OK |
Version: 2.8
Check: compiled code
Result: NOTE
File ‘ptinpoly/libs/ptinpoly.so’:
Found no calls to: ‘R_registerRoutines’, ‘R_useDynamicSymbols’
It is good practice to register native routines and to disable symbol
search.
See ‘Writing portable packages’ in the ‘Writing R Extensions’ manual.
Flavors: r-devel-linux-x86_64-fedora-clang, r-devel-linux-x86_64-fedora-gcc
These binaries (installable software) and packages are in development.
They may not be fully stable and should be used with caution. We make no claims about them.