Last updated on 2025-10-23 17:50:58 CEST.
| Flavor | Version | Tinstall | Tcheck | Ttotal | Status | Flags |
|---|---|---|---|---|---|---|
| r-devel-linux-x86_64-debian-clang | 1.1.3 | 3.52 | 282.19 | 285.71 | NOTE | |
| r-devel-linux-x86_64-debian-gcc | 1.1.3 | 2.61 | 140.00 | 142.61 | NOTE | |
| r-devel-linux-x86_64-fedora-clang | 1.1.3 | 20.00 | 495.54 | 515.54 | OK | |
| r-devel-linux-x86_64-fedora-gcc | 1.1.3 | 16.00 | 485.56 | 501.56 | OK | |
| r-devel-windows-x86_64 | 1.1.3 | 6.00 | 234.00 | 240.00 | OK | |
| r-patched-linux-x86_64 | 1.1.3 | 3.70 | 264.27 | 267.97 | OK | |
| r-release-linux-x86_64 | 1.1.3 | 3.42 | 269.17 | 272.59 | OK | |
| r-release-macos-arm64 | 1.1.3 | 2.00 | 117.00 | 119.00 | OK | |
| r-release-macos-x86_64 | 1.1.3 | 3.00 | 299.00 | 302.00 | OK | |
| r-release-windows-x86_64 | 1.1.3 | 6.00 | 236.00 | 242.00 | OK | |
| r-oldrel-macos-arm64 | 1.1.3 | 2.00 | 96.00 | 98.00 | OK | |
| r-oldrel-macos-x86_64 | 1.1.3 | 4.00 | 198.00 | 202.00 | OK | |
| r-oldrel-windows-x86_64 | 1.1.3 | 7.00 | 362.00 | 369.00 | OK |
Version: 1.1.3
Check: CRAN incoming feasibility
Result: NOTE
Maintainer: ‘Mirko Signorelli <msignorelli.rpackages@gmail.com>’
Package CITATION file contains call(s) to old-style personList() or
as.personList(). Please use c() on person objects instead.
Package CITATION file contains call(s) to old-style citEntry(). Please
use bibentry() instead.
Flavors: r-devel-linux-x86_64-debian-clang, r-devel-linux-x86_64-debian-gcc
These binaries (installable software) and packages are in development.
They may not be fully stable and should be used with caution. We make no claims about them.