Last updated on 2024-05-04 01:48:54 CEST.
Flavor | Version | Tinstall | Tcheck | Ttotal | Status | Flags |
---|---|---|---|---|---|---|
r-devel-linux-x86_64-debian-clang | 0.0.8 | 50.94 | 53.30 | 104.24 | NOTE | |
r-devel-linux-x86_64-fedora-clang | 0.0.8 | 145.86 | NOTE | |||
r-devel-linux-x86_64-fedora-gcc | 0.0.8 | 135.11 | NOTE | |||
r-devel-windows-x86_64 | 0.0.8 | 42.00 | 76.00 | 118.00 | NOTE | |
r-patched-linux-x86_64 | 0.0.8 | 59.23 | 50.22 | 109.45 | NOTE | |
r-release-linux-x86_64 | 0.0.8 | 49.93 | 50.77 | 100.70 | NOTE | |
r-release-macos-arm64 | 0.0.8 | 35.00 | NOTE | |||
r-release-windows-x86_64 | 0.0.8 | 41.00 | 73.00 | 114.00 | NOTE | |
r-oldrel-macos-arm64 | 0.0.8 | 40.00 | NOTE | |||
r-oldrel-macos-x86_64 | 0.0.8 | 65.00 | NOTE | |||
r-oldrel-windows-x86_64 | 0.0.8 | 51.00 | 88.00 | 139.00 | NOTE |
Version: 0.0.8
Check: C++ specification
Result: NOTE
Specified C++11: please drop specification unless essential
Flavors: r-devel-linux-x86_64-debian-clang, r-devel-linux-x86_64-fedora-clang, r-devel-linux-x86_64-fedora-gcc, r-devel-windows-x86_64, r-patched-linux-x86_64, r-release-linux-x86_64, r-release-macos-arm64, r-release-windows-x86_64, r-oldrel-macos-arm64, r-oldrel-macos-x86_64, r-oldrel-windows-x86_64
These binaries (installable software) and packages are in development.
They may not be fully stable and should be used with caution. We make no claims about them.