Last updated on 2024-05-04 01:48:54 CEST.
Flavor | Version | Tinstall | Tcheck | Ttotal | Status | Flags |
---|---|---|---|---|---|---|
r-devel-linux-x86_64-debian-clang | 0.0.1 | 3.88 | 30.81 | 34.69 | OK | |
r-devel-linux-x86_64-fedora-clang | 0.0.1 | 44.91 | NOTE | |||
r-devel-linux-x86_64-fedora-gcc | 0.0.1 | 41.98 | NOTE | |||
r-devel-windows-x86_64 | 0.0.1 | 5.00 | 48.00 | 53.00 | OK | |
r-patched-linux-x86_64 | 0.0.1 | 2.70 | 30.02 | 32.72 | OK | |
r-release-linux-x86_64 | 0.0.1 | 2.40 | 30.35 | 32.75 | OK | |
r-release-macos-arm64 | 0.0.1 | 19.00 | OK | |||
r-release-windows-x86_64 | 0.0.1 | 5.00 | 46.00 | 51.00 | OK | |
r-oldrel-macos-arm64 | 0.0.1 | 20.00 | OK | |||
r-oldrel-macos-x86_64 | 0.0.1 | 27.00 | OK | |||
r-oldrel-windows-x86_64 | 0.0.1 | 6.00 | 49.00 | 55.00 | OK |
Version: 0.0.1
Check: dependencies in R code
Result: NOTE
Namespaces in Imports field not imported from:
‘kableExtra’ ‘readr’ ‘tidyverse’
All declared Imports should be used.
Flavors: r-devel-linux-x86_64-fedora-clang, r-devel-linux-x86_64-fedora-gcc
These binaries (installable software) and packages are in development.
They may not be fully stable and should be used with caution. We make no claims about them.