Last updated on 2024-05-04 01:48:54 CEST.
Flavor | Version | Tinstall | Tcheck | Ttotal | Status | Flags |
---|---|---|---|---|---|---|
r-devel-linux-x86_64-debian-clang | 1.2.1 | 5.04 | 61.43 | 66.47 | NOTE | |
r-devel-linux-x86_64-fedora-clang | 1.2.1 | 82.15 | NOTE | |||
r-devel-linux-x86_64-fedora-gcc | 1.2.1 | 89.05 | NOTE | |||
r-devel-windows-x86_64 | 1.2.1 | 5.00 | 74.00 | 79.00 | NOTE | |
r-patched-linux-x86_64 | 1.2.1 | 6.89 | 58.22 | 65.11 | NOTE | |
r-release-linux-x86_64 | 1.2.1 | 5.67 | 57.56 | 63.23 | NOTE | |
r-release-macos-arm64 | 1.2.1 | 36.00 | NOTE | |||
r-release-windows-x86_64 | 1.2.1 | 5.00 | 75.00 | 80.00 | NOTE | |
r-oldrel-macos-arm64 | 1.2.1 | 38.00 | NOTE | |||
r-oldrel-macos-x86_64 | 1.2.1 | 52.00 | NOTE | |||
r-oldrel-windows-x86_64 | 1.2.1 | 5.00 | 79.00 | 84.00 | NOTE |
Version: 1.2.1
Check: LazyData
Result: NOTE
'LazyData' is specified without a 'data' directory
Flavors: r-devel-linux-x86_64-debian-clang, r-devel-linux-x86_64-fedora-clang, r-devel-linux-x86_64-fedora-gcc, r-devel-windows-x86_64, r-patched-linux-x86_64, r-release-linux-x86_64, r-release-macos-arm64, r-release-windows-x86_64, r-oldrel-macos-arm64, r-oldrel-macos-x86_64, r-oldrel-windows-x86_64
These binaries (installable software) and packages are in development.
They may not be fully stable and should be used with caution. We make no claims about them.