Last updated on 2024-05-04 01:48:54 CEST.
Flavor | Version | Tinstall | Tcheck | Ttotal | Status | Flags |
---|---|---|---|---|---|---|
r-devel-linux-x86_64-debian-clang | 1.4-1 | 21.14 | 161.73 | 182.87 | OK | |
r-devel-linux-x86_64-fedora-clang | 1.4-1 | 222.41 | NOTE | |||
r-devel-linux-x86_64-fedora-gcc | 1.4-1 | 215.62 | OK | |||
r-devel-windows-x86_64 | 1.4-1 | 20.00 | 143.00 | 163.00 | OK | |
r-patched-linux-x86_64 | 1.4-1 | 25.63 | 157.90 | 183.53 | OK | |
r-release-linux-x86_64 | 1.4-1 | 16.51 | 152.90 | 169.41 | OK | |
r-release-macos-arm64 | 1.4-1 | 57.00 | NOTE | |||
r-release-windows-x86_64 | 1.4-1 | 21.00 | 141.00 | 162.00 | OK | |
r-oldrel-macos-arm64 | 1.4-1 | 66.00 | NOTE | |||
r-oldrel-macos-x86_64 | 1.4-1 | 121.00 | NOTE | |||
r-oldrel-windows-x86_64 | 1.4-1 | 27.00 | 184.00 | 211.00 | OK |
Version: 1.4-1
Check: installed package size
Result: NOTE
installed size is 5.0Mb
sub-directories of 1Mb or more:
data 3.7Mb
Flavors: r-devel-linux-x86_64-fedora-clang, r-release-macos-arm64, r-oldrel-macos-arm64, r-oldrel-macos-x86_64
These binaries (installable software) and packages are in development.
They may not be fully stable and should be used with caution. We make no claims about them.