Last updated on 2024-05-04 01:48:54 CEST.
Flavor | Version | Tinstall | Tcheck | Ttotal | Status | Flags |
---|---|---|---|---|---|---|
r-devel-linux-x86_64-debian-clang | 1.3.3 | 156.64 | 29.55 | 186.19 | OK | |
r-devel-linux-x86_64-fedora-clang | 1.3.3 | 377.23 | OK | |||
r-devel-linux-x86_64-fedora-gcc | 1.3.3 | 305.47 | OK | |||
r-devel-windows-x86_64 | 1.3.3 | 150.00 | 74.00 | 224.00 | OK | |
r-patched-linux-x86_64 | 1.3.3 | 171.71 | 29.31 | 201.02 | OK | |
r-release-linux-x86_64 | 1.3.3 | 160.93 | 28.58 | 189.51 | OK | |
r-release-macos-arm64 | 1.3.3 | 69.00 | NOTE | |||
r-release-macos-x86_64 | 1.3.3 | 80.00 | NOTE | |||
r-release-windows-x86_64 | 1.3.3 | 142.00 | 73.00 | 215.00 | OK | |
r-oldrel-macos-arm64 | 1.3.3 | 74.00 | NOTE | |||
r-oldrel-macos-x86_64 | 1.3.3 | 74.00 | NOTE | |||
r-oldrel-windows-x86_64 | 1.3.3 | 166.00 | 83.00 | 249.00 | OK |
Version: 1.3.3
Check: installed package size
Result: NOTE
installed size is 15.8Mb
sub-directories of 1Mb or more:
libs 15.7Mb
Flavors: r-release-macos-arm64, r-release-macos-x86_64, r-oldrel-macos-arm64, r-oldrel-macos-x86_64
These binaries (installable software) and packages are in development.
They may not be fully stable and should be used with caution. We make no claims about them.