Last updated on 2024-05-04 01:48:54 CEST.
Flavor | Version | Tinstall | Tcheck | Ttotal | Status | Flags |
---|---|---|---|---|---|---|
r-devel-linux-x86_64-debian-clang | 0.1.0 | 49.51 | 293.44 | 342.95 | NOTE | |
r-devel-linux-x86_64-fedora-clang | 0.1.0 | 424.65 | NOTE | |||
r-devel-linux-x86_64-fedora-gcc | 0.1.0 | 400.17 | NOTE | |||
r-devel-windows-x86_64 | 0.1.0 | 43.00 | 187.00 | 230.00 | NOTE | |
r-patched-linux-x86_64 | 0.1.0 | 45.01 | 275.20 | 320.21 | NOTE | |
r-release-linux-x86_64 | 0.1.0 | 48.65 | 279.56 | 328.21 | NOTE | |
r-release-macos-arm64 | 0.1.0 | 86.00 | NOTE | |||
r-release-windows-x86_64 | 0.1.0 | 41.00 | 191.00 | 232.00 | NOTE | |
r-oldrel-macos-arm64 | 0.1.0 | 95.00 | NOTE | |||
r-oldrel-macos-x86_64 | 0.1.0 | 182.00 | NOTE | |||
r-oldrel-windows-x86_64 | 0.1.0 | 54.00 | 259.00 | 313.00 | NOTE |
Version: 0.1.0
Check: LazyData
Result: NOTE
'LazyData' is specified without a 'data' directory
Flavors: r-devel-linux-x86_64-debian-clang, r-devel-linux-x86_64-fedora-clang, r-devel-linux-x86_64-fedora-gcc, r-devel-windows-x86_64, r-patched-linux-x86_64, r-release-linux-x86_64, r-release-macos-arm64, r-release-windows-x86_64, r-oldrel-macos-arm64, r-oldrel-macos-x86_64, r-oldrel-windows-x86_64
Version: 0.1.0
Check: compiled code
Result: NOTE
File ‘qrencoder/libs/qrencoder.so’:
Found no calls to: ‘R_registerRoutines’, ‘R_useDynamicSymbols’
It is good practice to register native routines and to disable symbol
search.
See ‘Writing portable packages’ in the ‘Writing R Extensions’ manual.
Flavors: r-devel-linux-x86_64-fedora-clang, r-devel-linux-x86_64-fedora-gcc
These binaries (installable software) and packages are in development.
They may not be fully stable and should be used with caution. We make no claims about them.