Last updated on 2024-05-04 01:48:54 CEST.
Flavor | Version | Tinstall | Tcheck | Ttotal | Status | Flags |
---|---|---|---|---|---|---|
r-devel-linux-x86_64-debian-clang | 2024-03-04-2 | 4.42 | 48.89 | 53.31 | OK | |
r-devel-linux-x86_64-fedora-clang | 2024-03-04-2 | 63.86 | NOTE | |||
r-devel-linux-x86_64-fedora-gcc | 2024-03-04-2 | 61.14 | OK | |||
r-devel-windows-x86_64 | 2024-03-04-2 | 4.00 | 64.00 | 68.00 | NOTE | |
r-patched-linux-x86_64 | 2024-03-04-2 | 5.69 | 47.24 | 52.93 | OK | |
r-release-linux-x86_64 | 2024-03-04-2 | 2.61 | 47.15 | 49.76 | OK | |
r-release-macos-arm64 | 2024-03-04-2 | 28.00 | NOTE | |||
r-release-macos-x86_64 | 2024-03-04-2 | 51.00 | NOTE | |||
r-release-windows-x86_64 | 2024-03-04-2 | 4.00 | 66.00 | 70.00 | NOTE | |
r-oldrel-macos-arm64 | 2024-03-04-2 | 32.00 | NOTE | |||
r-oldrel-macos-x86_64 | 2024-03-04-2 | 44.00 | NOTE | |||
r-oldrel-windows-x86_64 | 2024-03-04-2 | 5.00 | 67.00 | 72.00 | NOTE |
Version: 2024-03-04-2
Check: installed package size
Result: NOTE
installed size is 11.0Mb
sub-directories of 1Mb or more:
data 10.8Mb
Flavors: r-devel-linux-x86_64-fedora-clang, r-devel-windows-x86_64, r-release-macos-arm64, r-release-macos-x86_64, r-release-windows-x86_64, r-oldrel-macos-arm64, r-oldrel-macos-x86_64, r-oldrel-windows-x86_64
These binaries (installable software) and packages are in development.
They may not be fully stable and should be used with caution. We make no claims about them.