Last updated on 2024-05-04 01:48:54 CEST.
Flavor | Version | Tinstall | Tcheck | Ttotal | Status | Flags |
---|---|---|---|---|---|---|
r-devel-linux-x86_64-debian-clang | 0.26.1 | 40.54 | 480.39 | 520.93 | NOTE | |
r-devel-linux-x86_64-fedora-clang | 0.26.1 | 654.13 | NOTE | |||
r-devel-linux-x86_64-fedora-gcc | 0.26.1 | 707.33 | NOTE | |||
r-devel-windows-x86_64 | 0.26.1 | 98.00 | 406.00 | 504.00 | NOTE | |
r-patched-linux-x86_64 | 0.26.1 | 60.16 | 491.81 | 551.97 | OK | |
r-release-linux-x86_64 | 0.26.1 | 62.91 | 481.95 | 544.86 | OK | |
r-release-macos-arm64 | 0.26.1 | 243.00 | NOTE | |||
r-release-macos-x86_64 | 0.26.1 | 546.00 | NOTE | |||
r-release-windows-x86_64 | 0.26.1 | 90.00 | 401.00 | 491.00 | OK | |
r-oldrel-macos-arm64 | 0.26.1 | 265.00 | NOTE | |||
r-oldrel-macos-x86_64 | 0.26.1 | 481.00 | NOTE | |||
r-oldrel-windows-x86_64 | 0.26.1 | 115.00 | 501.00 | 616.00 | OK |
Version: 0.26.1
Check: compiled code
Result: NOTE
File ‘qs/libs/qs.so’:
Found non-API calls to R: ‘SETLEVELS’, ‘SET_ENCLOS’, ‘SET_FRAME’,
‘SET_HASHTAB’, ‘SET_PRENV’, ‘SET_S4_OBJECT’, ‘SET_TRUELENGTH’
Compiled code should not call non-API entry points in R.
See ‘Writing portable packages’ in the ‘Writing R Extensions’ manual.
Flavors: r-devel-linux-x86_64-debian-clang, r-devel-linux-x86_64-fedora-clang, r-devel-linux-x86_64-fedora-gcc
Version: 0.26.1
Check: compiled code
Result: NOTE
File 'qs/libs/x64/qs.dll':
Found non-API calls to R: 'SETLEVELS', 'SET_ENCLOS', 'SET_FRAME',
'SET_HASHTAB', 'SET_PRENV', 'SET_S4_OBJECT', 'SET_TRUELENGTH'
Compiled code should not call non-API entry points in R.
See 'Writing portable packages' in the 'Writing R Extensions' manual.
Flavor: r-devel-windows-x86_64
Version: 0.26.1
Check: installed package size
Result: NOTE
installed size is 13.0Mb
sub-directories of 1Mb or more:
doc 1.1Mb
libs 11.7Mb
Flavors: r-release-macos-arm64, r-release-macos-x86_64, r-oldrel-macos-arm64, r-oldrel-macos-x86_64
These binaries (installable software) and packages are in development.
They may not be fully stable and should be used with caution. We make no claims about them.