Last updated on 2024-05-04 01:48:54 CEST.
Flavor | Version | Tinstall | Tcheck | Ttotal | Status | Flags |
---|---|---|---|---|---|---|
r-devel-linux-x86_64-debian-clang | 0.34 | 1009.77 | 269.74 | 1279.51 | OK | |
r-devel-linux-x86_64-fedora-clang | 0.34 | 1811.58 | NOTE | |||
r-devel-linux-x86_64-fedora-gcc | 0.34 | 1797.07 | OK | |||
r-devel-windows-x86_64 | 0.34 | 721.00 | 266.00 | 987.00 | NOTE | |
r-patched-linux-x86_64 | 0.34 | 948.59 | 259.54 | 1208.13 | OK | |
r-release-linux-x86_64 | 0.34 | 947.24 | 263.15 | 1210.39 | OK | |
r-release-macos-arm64 | 0.34 | 278.00 | NOTE | |||
r-release-windows-x86_64 | 0.34 | 717.00 | 262.00 | 979.00 | NOTE | |
r-oldrel-macos-arm64 | 0.34 | 284.00 | NOTE | |||
r-oldrel-macos-x86_64 | 0.34 | 317.00 | NOTE | |||
r-oldrel-windows-x86_64 | 0.34 | 880.00 | 324.00 | 1204.00 | NOTE |
Version: 0.34
Check: installed package size
Result: NOTE
installed size is 6.4Mb
sub-directories of 1Mb or more:
extdata 3.3Mb
libs 1.7Mb
Flavors: r-devel-linux-x86_64-fedora-clang, r-devel-windows-x86_64, r-release-macos-arm64, r-release-windows-x86_64, r-oldrel-macos-arm64, r-oldrel-macos-x86_64, r-oldrel-windows-x86_64
These binaries (installable software) and packages are in development.
They may not be fully stable and should be used with caution. We make no claims about them.