Last updated on 2024-05-04 01:48:54 CEST.
Flavor | Version | Tinstall | Tcheck | Ttotal | Status | Flags |
---|---|---|---|---|---|---|
r-devel-linux-x86_64-debian-clang | 0.4.4 | 36.30 | 45.29 | 81.59 | NOTE | |
r-devel-linux-x86_64-fedora-clang | 0.4.4 | 113.55 | NOTE | |||
r-devel-linux-x86_64-fedora-gcc | 0.4.4 | 118.07 | NOTE | |||
r-devel-windows-x86_64 | 0.4.4 | 29.00 | 78.00 | 107.00 | NOTE | |
r-patched-linux-x86_64 | 0.4.4 | 37.13 | 44.65 | 81.78 | NOTE | |
r-release-linux-x86_64 | 0.4.4 | 31.64 | 44.47 | 76.11 | NOTE | |
r-release-macos-arm64 | 0.4.4 | 37.00 | NOTE | |||
r-release-windows-x86_64 | 0.4.4 | 27.00 | 79.00 | 106.00 | NOTE | |
r-oldrel-macos-arm64 | 0.4.4 | 43.00 | OK | |||
r-oldrel-macos-x86_64 | 0.4.4 | 83.00 | OK | |||
r-oldrel-windows-x86_64 | 0.4.4 | 34.00 | 83.00 | 117.00 | OK |
Version: 0.4.4
Check: Rd files
Result: NOTE
checkRd: (-1) qualpal.Rd:22-28: Lost braces in \itemize; meant \describe ?
checkRd: (-1) qualpal.Rd:30-50: Lost braces in \itemize; meant \describe ?
Flavors: r-devel-linux-x86_64-debian-clang, r-devel-linux-x86_64-fedora-clang, r-devel-linux-x86_64-fedora-gcc, r-devel-windows-x86_64, r-patched-linux-x86_64, r-release-linux-x86_64, r-release-macos-arm64, r-release-windows-x86_64
These binaries (installable software) and packages are in development.
They may not be fully stable and should be used with caution. We make no claims about them.