Last updated on 2024-05-04 01:48:54 CEST.
Flavor | Version | Tinstall | Tcheck | Ttotal | Status | Flags |
---|---|---|---|---|---|---|
r-devel-linux-x86_64-debian-clang | 2.2.1 | 8.47 | 86.58 | 95.05 | OK | |
r-devel-linux-x86_64-fedora-clang | 2.2.1 | 117.52 | NOTE | |||
r-devel-linux-x86_64-fedora-gcc | 2.2.1 | 113.13 | NOTE | |||
r-devel-windows-x86_64 | 2.2.1 | 8.00 | 80.00 | 88.00 | OK | |
r-patched-linux-x86_64 | 2.2.1 | 8.77 | 80.01 | 88.78 | OK | |
r-release-linux-x86_64 | 2.2.1 | 9.51 | 81.86 | 91.37 | OK | |
r-release-macos-arm64 | 2.2.1 | 34.00 | OK | |||
r-release-windows-x86_64 | 2.2.1 | 9.00 | 80.00 | 89.00 | OK | |
r-oldrel-macos-arm64 | 2.2.1 | 39.00 | OK | |||
r-oldrel-macos-x86_64 | 2.2.1 | 63.00 | OK | |||
r-oldrel-windows-x86_64 | 2.2.1 | 12.00 | 98.00 | 110.00 | OK |
Version: 2.2.1
Check: dependencies in R code
Result: NOTE
Namespace in Imports field not imported from: ‘SparseM’
All declared Imports should be used.
Flavors: r-devel-linux-x86_64-fedora-clang, r-devel-linux-x86_64-fedora-gcc
These binaries (installable software) and packages are in development.
They may not be fully stable and should be used with caution. We make no claims about them.