CRAN Package Check Results for Package rWishart

Last updated on 2025-07-07 17:49:28 CEST.

Flavor Version Tinstall Tcheck Ttotal Status Flags
r-devel-linux-x86_64-debian-clang 0.1.2 5.04 53.21 58.25 OK
r-devel-linux-x86_64-debian-gcc 0.1.2 4.58 40.46 45.04 OK
r-devel-linux-x86_64-fedora-clang 0.1.2 88.02 OK
r-devel-linux-x86_64-fedora-gcc 0.1.2 84.66 OK
r-devel-windows-x86_64 0.1.2 7.00 72.00 79.00 OK
r-patched-linux-x86_64 0.1.2 5.77 50.01 55.78 OK
r-release-linux-x86_64 0.1.2 6.01 49.82 55.83 OK
r-release-macos-arm64 0.1.2 31.00 OK
r-release-macos-x86_64 0.1.2 56.00 OK
r-release-windows-x86_64 0.1.2 6.00 71.00 77.00 OK
r-oldrel-macos-arm64 0.1.2 29.00 NOTE
r-oldrel-macos-x86_64 0.1.2 45.00 NOTE
r-oldrel-windows-x86_64 0.1.2 9.00 86.00 95.00 NOTE

Check Details

Version: 0.1.2
Check: LazyData
Result: NOTE 'LazyData' is specified without a 'data' directory Flavors: r-oldrel-macos-arm64, r-oldrel-macos-x86_64, r-oldrel-windows-x86_64

These binaries (installable software) and packages are in development.
They may not be fully stable and should be used with caution. We make no claims about them.