Last updated on 2024-05-04 01:48:54 CEST.
Flavor | Version | Tinstall | Tcheck | Ttotal | Status | Flags |
---|---|---|---|---|---|---|
r-devel-linux-x86_64-debian-clang | 0.3.15 | 14.88 | 239.58 | 254.46 | OK | |
r-devel-linux-x86_64-fedora-clang | 0.3.15 | 306.81 | NOTE | |||
r-devel-linux-x86_64-fedora-gcc | 0.3.15 | 302.70 | OK | |||
r-devel-windows-x86_64 | 0.3.15 | 17.00 | 172.00 | 189.00 | NOTE | |
r-patched-linux-x86_64 | 0.3.15 | 13.53 | 220.23 | 233.76 | OK | |
r-release-linux-x86_64 | 0.3.15 | 9.54 | 220.62 | 230.16 | OK | |
r-release-macos-arm64 | 0.3.15 | 84.00 | NOTE | |||
r-release-macos-x86_64 | 0.3.15 | 270.00 | NOTE | |||
r-release-windows-x86_64 | 0.3.15 | 15.00 | 169.00 | 184.00 | NOTE | |
r-oldrel-macos-arm64 | 0.3.15 | 86.00 | NOTE | |||
r-oldrel-macos-x86_64 | 0.3.15 | 177.00 | NOTE | |||
r-oldrel-windows-x86_64 | 0.3.15 | 18.00 | 217.00 | 235.00 | NOTE |
Version: 0.3.15
Check: installed package size
Result: NOTE
installed size is 5.2Mb
sub-directories of 1Mb or more:
data 4.6Mb
Flavors: r-devel-linux-x86_64-fedora-clang, r-devel-windows-x86_64, r-release-macos-arm64, r-release-macos-x86_64, r-release-windows-x86_64, r-oldrel-macos-arm64, r-oldrel-macos-x86_64, r-oldrel-windows-x86_64
These binaries (installable software) and packages are in development.
They may not be fully stable and should be used with caution. We make no claims about them.