Last updated on 2024-05-04 01:48:54 CEST.
Flavor | Version | Tinstall | Tcheck | Ttotal | Status | Flags |
---|---|---|---|---|---|---|
r-devel-linux-x86_64-debian-clang | 2.1 | 29.55 | 75.40 | 104.95 | NOTE | |
r-devel-linux-x86_64-fedora-clang | 2.1 | 133.65 | NOTE | |||
r-devel-linux-x86_64-fedora-gcc | 2.1 | 124.35 | NOTE | |||
r-devel-windows-x86_64 | 2.1 | 24.00 | 89.00 | 113.00 | NOTE | |
r-patched-linux-x86_64 | 2.1 | 29.83 | 71.11 | 100.94 | NOTE | |
r-release-linux-x86_64 | 2.1 | 24.75 | 70.25 | 95.00 | NOTE | |
r-release-macos-arm64 | 2.1 | 41.00 | NOTE | |||
r-release-windows-x86_64 | 2.1 | 24.00 | 92.00 | 116.00 | NOTE | |
r-oldrel-macos-arm64 | 2.1 | 43.00 | OK | |||
r-oldrel-macos-x86_64 | 2.1 | 64.00 | OK | |||
r-oldrel-windows-x86_64 | 2.1 | 30.00 | 107.00 | 137.00 | OK |
Version: 2.1
Check: Rd files
Result: NOTE
checkRd: (-1) addRasterLegend.Rd:89: Lost braces in \itemize; \value handles \item{}{} directly
checkRd: (-1) addRasterLegend.Rd:90: Lost braces in \itemize; \value handles \item{}{} directly
checkRd: (-1) addRasterLegend.Rd:91: Lost braces in \itemize; \value handles \item{}{} directly
checkRd: (-1) addRasterLegend.Rd:92: Lost braces in \itemize; \value handles \item{}{} directly
checkRd: (-1) addRasterLegend.Rd:93: Lost braces in \itemize; \value handles \item{}{} directly
Flavors: r-devel-linux-x86_64-debian-clang, r-devel-linux-x86_64-fedora-clang, r-devel-linux-x86_64-fedora-gcc, r-devel-windows-x86_64, r-patched-linux-x86_64, r-release-linux-x86_64, r-release-macos-arm64, r-release-windows-x86_64
These binaries (installable software) and packages are in development.
They may not be fully stable and should be used with caution. We make no claims about them.