Last updated on 2024-05-04 01:48:54 CEST.
Flavor | Version | Tinstall | Tcheck | Ttotal | Status | Flags |
---|---|---|---|---|---|---|
r-devel-linux-x86_64-debian-clang | 0.3.3 | 2.99 | 25.34 | 28.33 | NOTE | |
r-devel-linux-x86_64-fedora-clang | 0.3.3 | 35.75 | NOTE | |||
r-devel-linux-x86_64-fedora-gcc | 0.3.3 | 34.04 | NOTE | |||
r-devel-windows-x86_64 | 0.3.3 | 11.00 | 44.00 | 55.00 | NOTE | |
r-patched-linux-x86_64 | 0.3.3 | 2.77 | 24.42 | 27.19 | NOTE | |
r-release-linux-x86_64 | 0.3.3 | 2.67 | 24.80 | 27.47 | NOTE | |
r-release-macos-arm64 | 0.3.3 | 16.00 | NOTE | |||
r-release-windows-x86_64 | 0.3.3 | 8.00 | 43.00 | 51.00 | NOTE | |
r-oldrel-macos-arm64 | 0.3.3 | 16.00 | OK | |||
r-oldrel-macos-x86_64 | 0.3.3 | 22.00 | OK | |||
r-oldrel-windows-x86_64 | 0.3.3 | 9.00 | 43.00 | 52.00 | OK |
Version: 0.3.3
Check: Rd files
Result: NOTE
checkRd: (-1) user_log_dir.Rd:48: Lost braces
48 | \\env{$XDG_CACHE_HOME} if defined
| ^
Flavors: r-devel-linux-x86_64-debian-clang, r-devel-linux-x86_64-fedora-clang, r-devel-linux-x86_64-fedora-gcc, r-devel-windows-x86_64, r-patched-linux-x86_64, r-release-linux-x86_64, r-release-macos-arm64, r-release-windows-x86_64
These binaries (installable software) and packages are in development.
They may not be fully stable and should be used with caution. We make no claims about them.