CRAN Package Check Results for Package rationalfun

Last updated on 2025-10-23 21:51:38 CEST.

Flavor Version Tinstall Tcheck Ttotal Status Flags
r-devel-linux-x86_64-debian-clang 0.1-1 1.97 21.19 23.16 NOTE
r-devel-linux-x86_64-debian-gcc 0.1-1 1.45 16.68 18.13 NOTE
r-devel-linux-x86_64-fedora-clang 0.1-1 33.39 OK
r-devel-linux-x86_64-fedora-gcc 0.1-1 32.58 OK
r-devel-windows-x86_64 0.1-1 3.00 40.00 43.00 OK
r-patched-linux-x86_64 0.1-1 2.21 19.54 21.75 OK
r-release-linux-x86_64 0.1-1 1.88 19.81 21.69 OK
r-release-macos-arm64 0.1-1 1.00 13.00 14.00 OK
r-release-macos-x86_64 0.1-1 2.00 22.00 24.00 OK
r-release-windows-x86_64 0.1-1 4.00 42.00 46.00 OK
r-oldrel-macos-arm64 0.1-1 1.00 13.00 14.00 OK
r-oldrel-macos-x86_64 0.1-1 2.00 18.00 20.00 OK
r-oldrel-windows-x86_64 0.1-1 3.00 47.00 50.00 OK

Check Details

Version: 0.1-1
Check: CRAN incoming feasibility
Result: NOTE Maintainer: ‘Yixuan Qiu <yixuan.qiu@cos.name>’ No Authors@R field in DESCRIPTION. Please add one, modifying Authors@R: person(given = "Yixuan", family = "Qiu", role = c("aut", "cre"), email = "yixuan.qiu@cos.name") as necessary. Flavors: r-devel-linux-x86_64-debian-clang, r-devel-linux-x86_64-debian-gcc

These binaries (installable software) and packages are in development.
They may not be fully stable and should be used with caution. We make no claims about them.