Last updated on 2024-05-04 01:48:54 CEST.
Flavor | Version | Tinstall | Tcheck | Ttotal | Status | Flags |
---|---|---|---|---|---|---|
r-devel-linux-x86_64-debian-clang | 1.0.3 | 65.49 | 52.70 | 118.19 | OK | |
r-devel-linux-x86_64-fedora-clang | 1.0.3 | 186.87 | OK | |||
r-devel-linux-x86_64-fedora-gcc | 1.0.3 | 188.42 | OK | |||
r-devel-windows-x86_64 | 1.0.3 | 52.00 | 871.00 | 923.00 | NOTE | |
r-patched-linux-x86_64 | 1.0.3 | 66.48 | 49.71 | 116.19 | OK | |
r-release-linux-x86_64 | 1.0.3 | 62.94 | 50.12 | 113.06 | OK | |
r-release-macos-arm64 | 1.0.3 | 38.00 | OK | |||
r-release-windows-x86_64 | 1.0.3 | 49.00 | 483.00 | 532.00 | NOTE | |
r-oldrel-macos-arm64 | 1.0.3 | 43.00 | NOTE | |||
r-oldrel-macos-x86_64 | 1.0.3 | 70.00 | NOTE | |||
r-oldrel-windows-x86_64 | 1.0.3 | 61.00 | 592.00 | 653.00 | NOTE |
Version: 1.0.3
Check: C++ specification
Result: NOTE
Specified C++11: please drop specification unless essential
Flavors: r-devel-windows-x86_64, r-release-windows-x86_64, r-oldrel-windows-x86_64
Version: 1.0.3
Check: package dependencies
Result: NOTE
Package suggested but not available for checking: ‘rhdf5’
Flavors: r-oldrel-macos-arm64, r-oldrel-macos-x86_64
These binaries (installable software) and packages are in development.
They may not be fully stable and should be used with caution. We make no claims about them.