Last updated on 2024-05-04 01:48:54 CEST.
Flavor | Version | Tinstall | Tcheck | Ttotal | Status | Flags |
---|---|---|---|---|---|---|
r-devel-linux-x86_64-debian-clang | 1.1.7 | 3.86 | 35.96 | 39.82 | NOTE | |
r-devel-linux-x86_64-fedora-clang | 1.1.7 | 49.62 | NOTE | |||
r-devel-linux-x86_64-fedora-gcc | 1.1.7 | 47.73 | NOTE | |||
r-devel-windows-x86_64 | 1.1.7 | 4.00 | 47.00 | 51.00 | NOTE | |
r-patched-linux-x86_64 | 1.1.7 | 3.76 | 34.28 | 38.04 | NOTE | |
r-release-linux-x86_64 | 1.1.7 | 3.52 | 34.12 | 37.64 | NOTE | |
r-release-macos-arm64 | 1.1.7 | 19.00 | NOTE | |||
r-release-windows-x86_64 | 1.1.7 | 3.00 | 45.00 | 48.00 | NOTE | |
r-oldrel-macos-arm64 | 1.1.7 | 20.00 | NOTE | |||
r-oldrel-macos-x86_64 | 1.1.7 | 28.00 | NOTE | |||
r-oldrel-windows-x86_64 | 1.1.7 | 5.00 | 50.00 | 55.00 | NOTE |
Version: 1.1.7
Check: package dependencies
Result: NOTE
Package suggested but not available for checking: ‘rrelaxiv’
Flavors: r-devel-linux-x86_64-debian-clang, r-devel-linux-x86_64-fedora-clang, r-devel-linux-x86_64-fedora-gcc, r-devel-windows-x86_64, r-patched-linux-x86_64, r-release-linux-x86_64, r-release-macos-arm64, r-release-windows-x86_64, r-oldrel-macos-arm64, r-oldrel-macos-x86_64, r-oldrel-windows-x86_64
Version: 1.1.7
Check: dependencies in R code
Result: NOTE
Namespace in Imports field not imported from: ‘rlemon’
All declared Imports should be used.
Flavors: r-devel-linux-x86_64-fedora-clang, r-devel-linux-x86_64-fedora-gcc
These binaries (installable software) and packages are in development.
They may not be fully stable and should be used with caution. We make no claims about them.