Last updated on 2024-05-04 01:48:55 CEST.
Flavor | Version | Tinstall | Tcheck | Ttotal | Status | Flags |
---|---|---|---|---|---|---|
r-devel-linux-x86_64-debian-clang | 1.4 | 6.70 | 47.96 | 54.66 | OK | |
r-devel-linux-x86_64-fedora-clang | 1.4 | 70.31 | NOTE | |||
r-devel-linux-x86_64-fedora-gcc | 1.4 | 79.89 | NOTE | |||
r-devel-windows-x86_64 | 1.4 | 8.00 | 53.00 | 61.00 | OK | |
r-patched-linux-x86_64 | 1.4 | 5.39 | 45.91 | 51.30 | OK | |
r-release-linux-x86_64 | 1.4 | 6.67 | 45.47 | 52.14 | OK | |
r-release-macos-arm64 | 1.4 | 27.00 | OK | |||
r-release-windows-x86_64 | 1.4 | 7.00 | 54.00 | 61.00 | OK | |
r-oldrel-macos-arm64 | 1.4 | 30.00 | OK | |||
r-oldrel-macos-x86_64 | 1.4 | 44.00 | OK | |||
r-oldrel-windows-x86_64 | 1.4 | 10.00 | 54.00 | 64.00 | OK |
Version: 1.4
Check: dependencies in R code
Result: NOTE
Namespace in Imports field not imported from: ‘gtools’
All declared Imports should be used.
Flavors: r-devel-linux-x86_64-fedora-clang, r-devel-linux-x86_64-fedora-gcc
These binaries (installable software) and packages are in development.
They may not be fully stable and should be used with caution. We make no claims about them.