Last updated on 2025-10-23 17:50:59 CEST.
| Flavor | Version | Tinstall | Tcheck | Ttotal | Status | Flags |
|---|---|---|---|---|---|---|
| r-devel-linux-x86_64-debian-clang | 1.4.7 | 47.32 | 138.56 | 185.88 | NOTE | |
| r-devel-linux-x86_64-debian-gcc | 1.4.7 | 33.08 | 94.40 | 127.48 | OK | |
| r-devel-linux-x86_64-fedora-clang | 1.4.7 | 275.00 | 33.87 | 308.87 | OK | |
| r-devel-linux-x86_64-fedora-gcc | 1.4.7 | 93.00 | 191.00 | 284.00 | OK | |
| r-devel-windows-x86_64 | 1.4.7 | 53.00 | 141.00 | 194.00 | OK | |
| r-patched-linux-x86_64 | 1.4.7 | 47.90 | 127.88 | 175.78 | OK | |
| r-release-linux-x86_64 | 1.4.7 | 48.24 | 127.93 | 176.17 | OK | |
| r-release-macos-arm64 | 1.4.7 | 20.00 | 52.00 | 72.00 | OK | |
| r-release-macos-x86_64 | 1.4.7 | 39.00 | 102.00 | 141.00 | OK | |
| r-release-windows-x86_64 | 1.4.7 | 55.00 | 147.00 | 202.00 | OK | |
| r-oldrel-macos-arm64 | 1.4.7 | 18.00 | 49.00 | 67.00 | OK | |
| r-oldrel-macos-x86_64 | 1.4.7 | 33.00 | 85.00 | 118.00 | OK | |
| r-oldrel-windows-x86_64 | 1.4.7 | 68.00 | 182.00 | 250.00 | OK |
Version: 1.4.7
Check: HTML version of manual
Result: NOTE
Found the following HTML validation problems:
residuals.reReg.html:72:1 (residuals.reReg.Rd:15): Warning: missing </ul> before </div>
Flavor: r-devel-linux-x86_64-debian-clang
These binaries (installable software) and packages are in development.
They may not be fully stable and should be used with caution. We make no claims about them.