Last updated on 2024-05-04 01:48:55 CEST.
Flavor | Version | Tinstall | Tcheck | Ttotal | Status | Flags |
---|---|---|---|---|---|---|
r-devel-linux-x86_64-debian-clang | 0.2-12 | 5.31 | 39.53 | 44.84 | NOTE | |
r-devel-linux-x86_64-fedora-clang | 0.2-12 | 55.37 | NOTE | |||
r-devel-linux-x86_64-fedora-gcc | 0.2-12 | 52.68 | NOTE | |||
r-devel-windows-x86_64 | 0.2-12 | 7.00 | 50.00 | 57.00 | NOTE | |
r-patched-linux-x86_64 | 0.2-12 | 4.75 | 37.83 | 42.58 | NOTE | |
r-release-linux-x86_64 | 0.2-12 | 2.69 | 37.81 | 40.50 | NOTE | |
r-release-macos-arm64 | 0.2-12 | 20.00 | NOTE | |||
r-release-windows-x86_64 | 0.2-12 | 6.00 | 50.00 | 56.00 | NOTE | |
r-oldrel-macos-arm64 | 0.2-12 | 19.00 | OK | |||
r-oldrel-macos-x86_64 | 0.2-12 | 24.00 | OK | |||
r-oldrel-windows-x86_64 | 0.2-12 | 6.00 | 51.00 | 57.00 | OK |
Version: 0.2-12
Check: Rd files
Result: NOTE
checkRd: (-1) get.skip.Rd:15: Lost braces
15 | line in the file to determine the {code{skip}} value.}
| ^
checkRd: (-1) get.skip.Rd:15: Lost braces
15 | line in the file to determine the {code{skip}} value.}
| ^
Flavors: r-devel-linux-x86_64-debian-clang, r-devel-linux-x86_64-fedora-clang, r-devel-linux-x86_64-fedora-gcc, r-devel-windows-x86_64, r-patched-linux-x86_64, r-release-linux-x86_64, r-release-macos-arm64, r-release-windows-x86_64
These binaries (installable software) and packages are in development.
They may not be fully stable and should be used with caution. We make no claims about them.