Last updated on 2024-05-04 01:48:55 CEST.
Flavor | Version | Tinstall | Tcheck | Ttotal | Status | Flags |
---|---|---|---|---|---|---|
r-devel-linux-x86_64-debian-clang | 2.1.5 | 77.42 | 124.01 | 201.43 | NOTE | |
r-devel-linux-x86_64-fedora-clang | 2.1.5 | 277.80 | NOTE | |||
r-devel-linux-x86_64-fedora-gcc | 2.1.5 | 285.61 | NOTE | |||
r-devel-windows-x86_64 | 2.1.5 | 77.00 | 149.00 | 226.00 | NOTE | |
r-patched-linux-x86_64 | 2.1.5 | 83.68 | 117.64 | 201.32 | OK | |
r-release-linux-x86_64 | 2.1.5 | 82.18 | 118.67 | 200.85 | OK | |
r-release-macos-arm64 | 2.1.5 | 75.00 | NOTE | |||
r-release-windows-x86_64 | 2.1.5 | 75.00 | 144.00 | 219.00 | OK | |
r-oldrel-macos-arm64 | 2.1.5 | 88.00 | NOTE | |||
r-oldrel-macos-x86_64 | 2.1.5 | 130.00 | NOTE | |||
r-oldrel-windows-x86_64 | 2.1.5 | 90.00 | 167.00 | 257.00 | OK |
Version: 2.1.5
Check: compiled code
Result: NOTE
File ‘readr/libs/readr.so’:
Found non-API calls to R: ‘SETLENGTH’, ‘SET_TRUELENGTH’
Compiled code should not call non-API entry points in R.
See ‘Writing portable packages’ in the ‘Writing R Extensions’ manual.
Flavors: r-devel-linux-x86_64-debian-clang, r-devel-linux-x86_64-fedora-clang, r-devel-linux-x86_64-fedora-gcc
Version: 2.1.5
Check: Rd cross-references
Result: NOTE
Undeclared packages ‘tidyselect’, ‘vctrs’ in Rd xrefs
Flavor: r-devel-linux-x86_64-fedora-clang
Version: 2.1.5
Check: compiled code
Result: NOTE
File 'readr/libs/x64/readr.dll':
Found non-API calls to R: 'SETLENGTH', 'SET_TRUELENGTH'
Compiled code should not call non-API entry points in R.
See 'Writing portable packages' in the 'Writing R Extensions' manual.
Flavor: r-devel-windows-x86_64
Version: 2.1.5
Check: installed package size
Result: NOTE
installed size is 5.4Mb
sub-directories of 1Mb or more:
libs 4.5Mb
Flavors: r-release-macos-arm64, r-oldrel-macos-arm64, r-oldrel-macos-x86_64
These binaries (installable software) and packages are in development.
They may not be fully stable and should be used with caution. We make no claims about them.