Last updated on 2024-05-04 01:48:55 CEST.
Flavor | Version | Tinstall | Tcheck | Ttotal | Status | Flags |
---|---|---|---|---|---|---|
r-devel-linux-x86_64-debian-clang | 0.3.0 | 88.93 | 70.84 | 159.77 | OK | |
r-devel-linux-x86_64-fedora-clang | 0.3.0 | 217.86 | OK | |||
r-devel-linux-x86_64-fedora-gcc | 0.3.0 | 230.69 | OK | |||
r-devel-windows-x86_64 | 0.3.0 | 60.00 | 99.00 | 159.00 | OK | |
r-patched-linux-x86_64 | 0.3.0 | 85.83 | 70.98 | 156.81 | OK | |
r-release-linux-x86_64 | 0.3.0 | 81.55 | 71.05 | 152.60 | OK | |
r-release-macos-arm64 | 0.3.0 | 54.00 | NOTE | |||
r-release-windows-x86_64 | 0.3.0 | 61.00 | 95.00 | 156.00 | OK | |
r-oldrel-macos-arm64 | 0.3.0 | 63.00 | NOTE | |||
r-oldrel-macos-x86_64 | 0.3.0 | 90.00 | NOTE | |||
r-oldrel-windows-x86_64 | 0.3.0 | 66.00 | 110.00 | 176.00 | OK |
Version: 0.3.0
Check: installed package size
Result: NOTE
installed size is 5.1Mb
sub-directories of 1Mb or more:
doc 2.5Mb
libs 2.5Mb
Flavors: r-release-macos-arm64, r-oldrel-macos-arm64, r-oldrel-macos-x86_64
These binaries (installable software) and packages are in development.
They may not be fully stable and should be used with caution. We make no claims about them.