Last updated on 2024-05-04 01:48:55 CEST.
Flavor | Version | Tinstall | Tcheck | Ttotal | Status | Flags |
---|---|---|---|---|---|---|
r-devel-linux-x86_64-debian-clang | 0.5.4 | 63.62 | 128.60 | 192.22 | NOTE | |
r-devel-linux-x86_64-fedora-clang | 0.5.4 | 268.74 | NOTE | |||
r-devel-linux-x86_64-fedora-gcc | 0.5.4 | 269.50 | NOTE | |||
r-devel-windows-x86_64 | 0.5.4 | 59.00 | 126.00 | 185.00 | NOTE | |
r-patched-linux-x86_64 | 0.5.4 | 65.43 | 117.12 | 182.55 | NOTE | |
r-release-linux-x86_64 | 0.5.4 | 69.07 | 119.12 | 188.19 | NOTE | |
r-release-macos-arm64 | 0.5.4 | 63.00 | NOTE | |||
r-release-windows-x86_64 | 0.5.4 | 58.00 | 129.00 | 187.00 | NOTE | |
r-oldrel-macos-arm64 | 0.5.4 | 70.00 | NOTE | |||
r-oldrel-macos-x86_64 | 0.5.4 | 118.00 | NOTE | |||
r-oldrel-windows-x86_64 | 0.5.4 | 71.00 | 144.00 | 215.00 | NOTE |
Version: 0.5.4
Check: C++ specification
Result: NOTE
Specified C++11: please drop specification unless essential
Flavors: r-devel-linux-x86_64-debian-clang, r-devel-linux-x86_64-fedora-clang, r-devel-linux-x86_64-fedora-gcc, r-devel-windows-x86_64, r-patched-linux-x86_64, r-release-linux-x86_64, r-release-macos-arm64, r-release-windows-x86_64, r-oldrel-macos-arm64, r-oldrel-macos-x86_64, r-oldrel-windows-x86_64
Version: 0.5.4
Check: Rd files
Result: NOTE
checkRd: (-1) simEvent.Rd:112: Lost braces; missing escapes or markup?
112 | and another argument named {zCoef} for covariate coefficient vector.
| ^
Flavors: r-devel-linux-x86_64-debian-clang, r-devel-linux-x86_64-fedora-clang, r-devel-linux-x86_64-fedora-gcc, r-devel-windows-x86_64, r-patched-linux-x86_64, r-release-linux-x86_64, r-release-macos-arm64, r-release-windows-x86_64
Version: 0.5.4
Check: installed package size
Result: NOTE
installed size is 6.8Mb
sub-directories of 1Mb or more:
doc 3.3Mb
libs 2.9Mb
Flavors: r-release-macos-arm64, r-oldrel-macos-arm64, r-oldrel-macos-x86_64, r-oldrel-windows-x86_64
These binaries (installable software) and packages are in development.
They may not be fully stable and should be used with caution. We make no claims about them.