Last updated on 2024-05-04 01:48:55 CEST.
Flavor | Version | Tinstall | Tcheck | Ttotal | Status | Flags |
---|---|---|---|---|---|---|
r-devel-linux-x86_64-debian-clang | 1.2.2 | 10.38 | 111.56 | 121.94 | OK | |
r-devel-linux-x86_64-fedora-clang | 1.2.2 | 150.07 | NOTE | |||
r-devel-linux-x86_64-fedora-gcc | 1.2.2 | 144.78 | NOTE | |||
r-devel-windows-x86_64 | 1.2.2 | 11.00 | 103.00 | 114.00 | OK | |
r-patched-linux-x86_64 | 1.2.2 | 8.46 | 102.18 | 110.64 | OK | |
r-release-linux-x86_64 | 1.2.2 | 8.56 | 104.78 | 113.34 | OK | |
r-release-macos-arm64 | 1.2.2 | 43.00 | OK | |||
r-release-windows-x86_64 | 1.2.2 | 12.00 | 104.00 | 116.00 | OK | |
r-oldrel-macos-arm64 | 1.2.2 | 49.00 | OK | |||
r-oldrel-macos-x86_64 | 1.2.2 | 88.00 | OK | |||
r-oldrel-windows-x86_64 | 1.2.2 | 15.00 | 121.00 | 136.00 | OK |
Version: 1.2.2
Check: dependencies in R code
Result: NOTE
Namespaces in Imports field not imported from:
‘SemiPar’ ‘caret’ ‘dplyr’ ‘scales’
All declared Imports should be used.
Flavors: r-devel-linux-x86_64-fedora-clang, r-devel-linux-x86_64-fedora-gcc
These binaries (installable software) and packages are in development.
They may not be fully stable and should be used with caution. We make no claims about them.