CRAN Package Check Results for Package relliptical

Last updated on 2025-10-23 11:50:25 CEST.

Flavor Version Tinstall Tcheck Ttotal Status Flags
r-devel-linux-x86_64-debian-clang 1.3.0 41.57 59.18 100.75 OK
r-devel-linux-x86_64-debian-gcc 1.3.0 29.11 41.67 70.78 OK
r-devel-linux-x86_64-fedora-clang 1.3.0 61.00 99.19 160.19 OK
r-devel-linux-x86_64-fedora-gcc 1.3.0 95.00 77.96 172.96 OK
r-devel-windows-x86_64 1.3.0 47.00 90.00 137.00 OK
r-patched-linux-x86_64 1.3.0 43.46 53.92 97.38 OK
r-release-linux-x86_64 1.3.0 46.14 54.13 100.27 OK
r-release-macos-arm64 1.3.0 19.00 25.00 44.00 OK
r-release-macos-x86_64 1.3.0 32.00 48.00 80.00 OK
r-release-windows-x86_64 1.3.0 49.00 97.00 146.00 OK
r-oldrel-macos-arm64 1.3.0 14.00 23.00 37.00 NOTE
r-oldrel-macos-x86_64 1.3.0 25.00 37.00 62.00 NOTE
r-oldrel-windows-x86_64 1.3.0 59.00 111.00 170.00 OK

Check Details

Version: 1.3.0
Check: installed package size
Result: NOTE installed size is 6.2Mb sub-directories of 1Mb or more: libs 6.0Mb Flavors: r-oldrel-macos-arm64, r-oldrel-macos-x86_64

These binaries (installable software) and packages are in development.
They may not be fully stable and should be used with caution. We make no claims about them.