Last updated on 2024-05-04 01:48:55 CEST.
Flavor | Version | Tinstall | Tcheck | Ttotal | Status | Flags |
---|---|---|---|---|---|---|
r-devel-linux-x86_64-debian-clang | 2.1.2 | 4.13 | 40.45 | 44.58 | NOTE | |
r-devel-linux-x86_64-fedora-clang | 2.1.2 | 57.15 | NOTE | |||
r-devel-linux-x86_64-fedora-gcc | 2.1.2 | 53.77 | NOTE | |||
r-devel-windows-x86_64 | 2.1.2 | 5.00 | 51.00 | 56.00 | NOTE | |
r-patched-linux-x86_64 | 2.1.2 | 3.88 | 39.15 | 43.03 | NOTE | |
r-release-linux-x86_64 | 2.1.2 | 3.94 | 38.29 | 42.23 | NOTE | |
r-release-macos-arm64 | 2.1.2 | 22.00 | NOTE | |||
r-release-windows-x86_64 | 2.1.2 | 5.00 | 52.00 | 57.00 | NOTE | |
r-oldrel-macos-arm64 | 2.1.2 | 24.00 | NOTE | |||
r-oldrel-macos-x86_64 | 2.1.2 | 31.00 | NOTE | |||
r-oldrel-windows-x86_64 | 2.1.2 | 6.00 | 56.00 | 62.00 | NOTE |
Version: 2.1.2
Check: LazyData
Result: NOTE
'LazyData' is specified without a 'data' directory
Flavors: r-devel-linux-x86_64-debian-clang, r-devel-linux-x86_64-fedora-clang, r-devel-linux-x86_64-fedora-gcc, r-devel-windows-x86_64, r-patched-linux-x86_64, r-release-linux-x86_64, r-release-macos-arm64, r-release-windows-x86_64, r-oldrel-macos-arm64, r-oldrel-macos-x86_64, r-oldrel-windows-x86_64
Version: 2.1.2
Check: Rd cross-references
Result: NOTE
Undeclared package ‘magrittr’ in Rd xrefs
Flavor: r-devel-linux-x86_64-fedora-clang
These binaries (installable software) and packages are in development.
They may not be fully stable and should be used with caution. We make no claims about them.