Last updated on 2025-10-23 21:51:38 CEST.
Flavor | Version | Tinstall | Tcheck | Ttotal | Status | Flags |
---|---|---|---|---|---|---|
r-devel-linux-x86_64-debian-clang | 1.2.3 | 45.12 | 285.76 | 330.88 | NOTE | |
r-devel-linux-x86_64-debian-gcc | 1.2.3 | 30.69 | 182.19 | 212.88 | OK | |
r-devel-linux-x86_64-fedora-clang | 1.2.3 | 97.00 | 439.35 | 536.35 | OK | |
r-devel-linux-x86_64-fedora-gcc | 1.2.3 | 101.00 | 420.55 | 521.55 | OK | |
r-devel-windows-x86_64 | 1.2.3 | 49.00 | 240.00 | 289.00 | OK | |
r-patched-linux-x86_64 | 1.2.3 | 46.09 | 274.92 | 321.01 | OK | |
r-release-linux-x86_64 | 1.2.3 | 42.78 | 269.48 | 312.26 | OK | |
r-release-macos-arm64 | 1.2.3 | 19.00 | 97.00 | 116.00 | OK | |
r-release-macos-x86_64 | 1.2.3 | 36.00 | 198.00 | 234.00 | OK | |
r-release-windows-x86_64 | 1.2.3 | 50.00 | 249.00 | 299.00 | OK | |
r-oldrel-macos-arm64 | 1.2.3 | 20.00 | 96.00 | 116.00 | OK | |
r-oldrel-macos-x86_64 | 1.2.3 | 47.00 | 209.00 | 256.00 | OK | |
r-oldrel-windows-x86_64 | 1.2.3 | 65.00 | 338.00 | 403.00 | OK |
Version: 1.2.3
Check: HTML version of manual
Result: NOTE
Found the following HTML validation problems:
EotCycle.html:107:1 (EotCycle.Rd:51): Warning: missing </ul> before </div>
Flavor: r-devel-linux-x86_64-debian-clang
These binaries (installable software) and packages are in development.
They may not be fully stable and should be used with caution. We make no claims about them.