Last updated on 2024-05-04 01:48:55 CEST.
Flavor | Version | Tinstall | Tcheck | Ttotal | Status | Flags |
---|---|---|---|---|---|---|
r-devel-linux-x86_64-debian-clang | 0.1.7 | 3.43 | 36.57 | 40.00 | NOTE | |
r-devel-linux-x86_64-fedora-clang | 0.1.7 | 50.61 | NOTE | |||
r-devel-linux-x86_64-fedora-gcc | 0.1.7 | 47.44 | NOTE | |||
r-devel-windows-x86_64 | 0.1.7 | 5.00 | 51.00 | 56.00 | NOTE | |
r-patched-linux-x86_64 | 0.1.7 | 5.08 | 33.65 | 38.73 | NOTE | |
r-release-linux-x86_64 | 0.1.7 | 3.58 | 33.98 | 37.56 | NOTE | |
r-release-macos-arm64 | 0.1.7 | 17.00 | NOTE | |||
r-release-windows-x86_64 | 0.1.7 | 6.00 | 50.00 | 56.00 | NOTE | |
r-oldrel-macos-arm64 | 0.1.7 | 20.00 | NOTE | |||
r-oldrel-macos-x86_64 | 0.1.7 | 26.00 | NOTE | |||
r-oldrel-windows-x86_64 | 0.1.7 | 7.00 | 54.00 | 61.00 | NOTE |
Version: 0.1.7
Check: LazyData
Result: NOTE
'LazyData' is specified without a 'data' directory
Flavors: r-devel-linux-x86_64-debian-clang, r-devel-linux-x86_64-fedora-clang, r-devel-linux-x86_64-fedora-gcc, r-devel-windows-x86_64, r-patched-linux-x86_64, r-release-linux-x86_64, r-release-macos-arm64, r-release-windows-x86_64, r-oldrel-macos-arm64, r-oldrel-macos-x86_64, r-oldrel-windows-x86_64
These binaries (installable software) and packages are in development.
They may not be fully stable and should be used with caution. We make no claims about them.