Last updated on 2024-05-04 01:48:55 CEST.
Flavor | Version | Tinstall | Tcheck | Ttotal | Status | Flags |
---|---|---|---|---|---|---|
r-devel-linux-x86_64-debian-clang | 1.1.0 | 4.05 | 51.71 | 55.76 | OK | |
r-devel-linux-x86_64-fedora-clang | 1.1.0 | 69.49 | NOTE | |||
r-devel-linux-x86_64-fedora-gcc | 1.1.0 | 66.10 | NOTE | |||
r-devel-windows-x86_64 | 1.1.0 | 8.00 | 66.00 | 74.00 | OK | |
r-patched-linux-x86_64 | 1.1.0 | 4.76 | 49.42 | 54.18 | OK | |
r-release-linux-x86_64 | 1.1.0 | 5.15 | 49.63 | 54.78 | OK | |
r-release-macos-arm64 | 1.1.0 | 23.00 | OK | |||
r-release-windows-x86_64 | 1.1.0 | 5.00 | 68.00 | 73.00 | OK | |
r-oldrel-macos-arm64 | 1.1.0 | 26.00 | OK | |||
r-oldrel-macos-x86_64 | 1.1.0 | 34.00 | OK | |||
r-oldrel-windows-x86_64 | 1.1.0 | 8.00 | 70.00 | 78.00 | OK |
Version: 1.1.0
Check: Rd cross-references
Result: NOTE
Undeclared package ‘wesanderson’ in Rd xrefs
Flavor: r-devel-linux-x86_64-fedora-clang
Version: 1.1.0
Check: data for non-ASCII characters
Result: NOTE
Note: found 25 marked UTF-8 strings
Flavors: r-devel-linux-x86_64-fedora-clang, r-devel-linux-x86_64-fedora-gcc
These binaries (installable software) and packages are in development.
They may not be fully stable and should be used with caution. We make no claims about them.