Last updated on 2024-05-04 01:48:55 CEST.
Flavor | Version | Tinstall | Tcheck | Ttotal | Status | Flags |
---|---|---|---|---|---|---|
r-devel-linux-x86_64-debian-clang | 0.23.1 | 6.50 | 115.53 | 122.03 | OK | |
r-devel-linux-x86_64-fedora-clang | 0.23.1 | 150.20 | OK | |||
r-devel-linux-x86_64-fedora-gcc | 0.23.1 | 137.46 | OK | |||
r-devel-windows-x86_64 | 0.23.1 | 6.00 | 112.00 | 118.00 | OK | |
r-patched-linux-x86_64 | 0.23.1 | 8.20 | 115.70 | 123.90 | OK | |
r-release-linux-x86_64 | 0.23.1 | 6.17 | 115.70 | 121.87 | OK | |
r-release-macos-arm64 | 0.23.1 | 294.00 | OK | |||
r-release-macos-x86_64 | 0.23.1 | 364.00 | OK | |||
r-release-windows-x86_64 | 0.23.1 | 7.00 | 111.00 | 118.00 | NOTE | |
r-oldrel-macos-arm64 | 0.23.1 | 301.00 | OK | |||
r-oldrel-macos-x86_64 | 0.23.1 | 372.00 | OK | |||
r-oldrel-windows-x86_64 | 0.23.1 | 8.00 | 129.00 | 137.00 | OK |
Version: 0.23.1
Check: whether the namespace can be loaded with stated dependencies
Result: NOTE
Warning in file(con, "r") :
URL 'https://raw.githubusercontent.com/eurostat/restatapi/master/inst/extdata/rest_api_config.json': status was 'SSL connect error'
A namespace must be able to be loaded with just the base namespace
loaded: otherwise if the namespace gets loaded by a saved object, the
session will be unable to start.
Probably some imports need to be declared in the NAMESPACE file.
Flavor: r-release-windows-x86_64
These binaries (installable software) and packages are in development.
They may not be fully stable and should be used with caution. We make no claims about them.