Last updated on 2024-05-04 01:48:55 CEST.
Flavor | Version | Tinstall | Tcheck | Ttotal | Status | Flags |
---|---|---|---|---|---|---|
r-devel-linux-x86_64-debian-clang | 0.3.8 | 8.80 | 74.87 | 83.67 | NOTE | |
r-devel-linux-x86_64-fedora-clang | 0.3.8 | 101.61 | NOTE | |||
r-devel-linux-x86_64-fedora-gcc | 0.3.8 | 107.95 | NOTE | |||
r-devel-windows-x86_64 | 0.3.8 | 11.00 | 77.00 | 88.00 | NOTE | |
r-patched-linux-x86_64 | 0.3.8 | 7.22 | 70.86 | 78.08 | NOTE | |
r-release-linux-x86_64 | 0.3.8 | 4.90 | 70.22 | 75.12 | NOTE | |
r-release-macos-arm64 | 0.3.8 | 37.00 | NOTE | |||
r-release-windows-x86_64 | 0.3.8 | 9.00 | 76.00 | 85.00 | NOTE | |
r-oldrel-macos-arm64 | 0.3.8 | 36.00 | OK | |||
r-oldrel-macos-x86_64 | 0.3.8 | 53.00 | OK | |||
r-oldrel-windows-x86_64 | 0.3.8 | 10.00 | 85.00 | 95.00 | OK |
Version: 0.3.8
Check: Rd files
Result: NOTE
checkRd: (-1) fs_search.Rd:76: Lost braces
76 | \\code{\link{fs_auth}} \code{\link{fs_browse}}
| ^
Flavors: r-devel-linux-x86_64-debian-clang, r-devel-linux-x86_64-fedora-clang, r-devel-linux-x86_64-fedora-gcc, r-devel-windows-x86_64, r-patched-linux-x86_64, r-release-linux-x86_64, r-release-macos-arm64, r-release-windows-x86_64
These binaries (installable software) and packages are in development.
They may not be fully stable and should be used with caution. We make no claims about them.