CRAN Package Check Results for Package rgen

Last updated on 2025-10-24 01:50:38 CEST.

Flavor Version Tinstall Tcheck Ttotal Status Flags
r-devel-linux-x86_64-debian-clang 0.0.1 1.34 21.61 22.95 OK
r-devel-linux-x86_64-debian-gcc 0.0.1 1.33 17.99 19.32 OK
r-devel-linux-x86_64-fedora-clang 0.0.1 33.03 OK
r-devel-linux-x86_64-fedora-gcc 0.0.1 48.44 OK
r-devel-windows-x86_64 0.0.1 2.00 41.00 43.00 OK
r-patched-linux-x86_64 0.0.1 1.30 19.25 20.55 OK
r-release-linux-x86_64 0.0.1 1.12 19.37 20.49 OK
r-release-macos-arm64 0.0.1 1.00 21.00 22.00 OK
r-release-macos-x86_64 0.0.1 1.00 36.00 37.00 OK
r-release-windows-x86_64 0.0.1 2.00 41.00 43.00 OK
r-oldrel-macos-arm64 0.0.1 1.00 20.00 21.00 NOTE
r-oldrel-macos-x86_64 0.0.1 1.00 30.00 31.00 NOTE
r-oldrel-windows-x86_64 0.0.1 3.00 45.00 48.00 NOTE

Check Details

Version: 0.0.1
Check: LazyData
Result: NOTE 'LazyData' is specified without a 'data' directory Flavors: r-oldrel-macos-arm64, r-oldrel-macos-x86_64, r-oldrel-windows-x86_64

These binaries (installable software) and packages are in development.
They may not be fully stable and should be used with caution. We make no claims about them.