Last updated on 2024-05-04 01:48:55 CEST.
Flavor | Version | Tinstall | Tcheck | Ttotal | Status | Flags |
---|---|---|---|---|---|---|
r-devel-linux-x86_64-debian-clang | 1.1.2 | 15.07 | 266.43 | 281.50 | NOTE | |
r-devel-linux-x86_64-fedora-clang | 1.1.2 | 338.38 | NOTE | |||
r-devel-linux-x86_64-fedora-gcc | 1.1.2 | 332.05 | NOTE | |||
r-devel-windows-x86_64 | 1.1.2 | 13.00 | 192.00 | 205.00 | NOTE | |
r-patched-linux-x86_64 | 1.1.2 | 11.27 | 241.47 | 252.74 | NOTE | |
r-release-linux-x86_64 | 1.1.2 | 10.77 | 242.38 | 253.15 | NOTE | |
r-release-macos-arm64 | 1.1.2 | 90.00 | NOTE | |||
r-release-windows-x86_64 | 1.1.2 | 15.00 | 193.00 | 208.00 | NOTE | |
r-oldrel-macos-arm64 | 1.1.2 | 94.00 | OK | |||
r-oldrel-macos-x86_64 | 1.1.2 | 191.00 | OK | |||
r-oldrel-windows-x86_64 | 1.1.2 | 21.00 | 248.00 | 269.00 | OK |
Version: 1.1.2
Check: Rd files
Result: NOTE
checkRd: (-1) regCVCF.Rd:52: Lost braces; missing escapes or markup?
52 | a decision tree with {C4.5} on each one. Using each classifier, a prediction of the whole dataset is obtained.
| ^
checkRd: (-1) summary.rfdata.Rd:17: Lost braces; missing escapes or markup?
17 | A list including information related to the noise filtering process contained in the object \code{object} of class {rfdata} with the following elements:
| ^
Flavors: r-devel-linux-x86_64-debian-clang, r-devel-linux-x86_64-fedora-clang, r-devel-linux-x86_64-fedora-gcc, r-devel-windows-x86_64, r-patched-linux-x86_64, r-release-linux-x86_64, r-release-macos-arm64, r-release-windows-x86_64
These binaries (installable software) and packages are in development.
They may not be fully stable and should be used with caution. We make no claims about them.