Last updated on 2024-05-04 01:48:55 CEST.
Flavor | Version | Tinstall | Tcheck | Ttotal | Status | Flags |
---|---|---|---|---|---|---|
r-devel-linux-x86_64-debian-clang | 1.0.4 | 11.91 | 112.62 | 124.53 | NOTE | |
r-devel-linux-x86_64-fedora-clang | 1.0.4 | 146.33 | NOTE | |||
r-devel-linux-x86_64-fedora-gcc | 1.0.4 | 151.53 | NOTE | |||
r-devel-windows-x86_64 | 1.0.4 | 10.00 | 101.00 | 111.00 | NOTE | |
r-patched-linux-x86_64 | 1.0.4 | 11.21 | 101.75 | 112.96 | NOTE | |
r-release-linux-x86_64 | 1.0.4 | 10.20 | 102.33 | 112.53 | NOTE | |
r-release-macos-arm64 | 1.0.4 | 48.00 | NOTE | |||
r-release-windows-x86_64 | 1.0.4 | 10.00 | 101.00 | 111.00 | NOTE | |
r-oldrel-macos-arm64 | 1.0.4 | 50.00 | OK | |||
r-oldrel-macos-x86_64 | 1.0.4 | 81.00 | OK | |||
r-oldrel-windows-x86_64 | 1.0.4 | 13.00 | 116.00 | 129.00 | OK |
Version: 1.0.4
Check: Rd files
Result: NOTE
checkRd: (-1) descrip.Rd:122: Lost braces in \itemize; \value handles \item{}{} directly
checkRd: (-1) descrip.Rd:123: Lost braces in \itemize; \value handles \item{}{} directly
checkRd: (-1) descrip.Rd:124-125: Lost braces in \itemize; \value handles \item{}{} directly
checkRd: (-1) descrip.Rd:126-128: Lost braces in \itemize; \value handles \item{}{} directly
checkRd: (-1) descrip.Rd:129-133: Lost braces in \itemize; \value handles \item{}{} directly
checkRd: (-1) descrip.Rd:134-135: Lost braces in \itemize; \value handles \item{}{} directly
checkRd: (-1) descrip.Rd:136-138: Lost braces in \itemize; \value handles \item{}{} directly
checkRd: (-1) descrip.Rd:139-140: Lost braces in \itemize; \value handles \item{}{} directly
checkRd: (-1) descrip.Rd:141-144: Lost braces in \itemize; \value handles \item{}{} directly
checkRd: (-1) descrip.Rd:145-146: Lost braces in \itemize; \value handles \item{}{} directly
checkRd: (-1) descrip.Rd:147: Lost braces in \itemize; \value handles \item{}{} directly
checkRd: (-1) descrip.Rd:148: Lost braces in \itemize; \value handles \item{}{} directly
checkRd: (-1) descrip.Rd:149: Lost braces in \itemize; \value handles \item{}{} directly
Flavors: r-devel-linux-x86_64-debian-clang, r-devel-linux-x86_64-fedora-clang, r-devel-linux-x86_64-fedora-gcc, r-devel-windows-x86_64, r-patched-linux-x86_64, r-release-linux-x86_64, r-release-macos-arm64, r-release-windows-x86_64
These binaries (installable software) and packages are in development.
They may not be fully stable and should be used with caution. We make no claims about them.