Last updated on 2025-10-24 13:49:48 CEST.
| Flavor | Version | Tinstall | Tcheck | Ttotal | Status | Flags |
|---|---|---|---|---|---|---|
| r-devel-linux-x86_64-debian-clang | 0.2.6 | 6.69 | 69.66 | 76.35 | NOTE | |
| r-devel-linux-x86_64-debian-gcc | 0.2.6 | 5.17 | 48.57 | 53.74 | NOTE | |
| r-devel-linux-x86_64-fedora-clang | 0.2.6 | 16.00 | 99.86 | 115.86 | NOTE | |
| r-devel-linux-x86_64-fedora-gcc | 0.2.6 | 33.00 | 85.05 | 118.05 | NOTE | |
| r-devel-windows-x86_64 | 0.2.6 | 10.00 | 81.00 | 91.00 | NOTE | |
| r-patched-linux-x86_64 | 0.2.6 | 7.29 | 65.07 | 72.36 | NOTE | |
| r-release-linux-x86_64 | 0.2.6 | 7.74 | 65.21 | 72.95 | NOTE | |
| r-release-macos-arm64 | 0.2.6 | 3.00 | 29.00 | 32.00 | NOTE | |
| r-release-macos-x86_64 | 0.2.6 | 6.00 | 55.00 | 61.00 | NOTE | |
| r-release-windows-x86_64 | 0.2.6 | 11.00 | 82.00 | 93.00 | NOTE | |
| r-oldrel-macos-arm64 | 0.2.6 | 3.00 | 27.00 | 30.00 | NOTE | |
| r-oldrel-macos-x86_64 | 0.2.6 | 5.00 | 39.00 | 44.00 | NOTE | |
| r-oldrel-windows-x86_64 | 0.2.6 | 12.00 | 102.00 | 114.00 | NOTE |
Version: 0.2.6
Check: Rd files
Result: NOTE
checkRd: (-1) riskPredict.Rd:38: Lost braces
38 | {hat{eta}_c^{(1)}} based on the prediction rule.}
| ^
checkRd: (-1) riskPredict.Rd:38: Lost braces
38 | {hat{eta}_c^{(1)}} based on the prediction rule.}
| ^
checkRd: (-1) riskPredict.Rd:38: Lost braces; missing escapes or markup?
38 | {hat{eta}_c^{(1)}} based on the prediction rule.}
| ^
checkRd: (-1) riskPredictDiff.Rd:34: Lost braces
34 | {hat{eta}_c^{(1)}-hat{eta}_c^{(2)}} based on the 2 prediction rules.}
| ^
checkRd: (-1) riskPredictDiff.Rd:34: Lost braces
34 | {hat{eta}_c^{(1)}-hat{eta}_c^{(2)}} based on the 2 prediction rules.}
| ^
checkRd: (-1) riskPredictDiff.Rd:34: Lost braces; missing escapes or markup?
34 | {hat{eta}_c^{(1)}-hat{eta}_c^{(2)}} based on the 2 prediction rules.}
| ^
checkRd: (-1) riskPredictDiff.Rd:34: Lost braces
34 | {hat{eta}_c^{(1)}-hat{eta}_c^{(2)}} based on the 2 prediction rules.}
| ^
checkRd: (-1) riskPredictDiff.Rd:34: Lost braces; missing escapes or markup?
34 | {hat{eta}_c^{(1)}-hat{eta}_c^{(2)}} based on the 2 prediction rules.}
| ^
Flavors: r-devel-linux-x86_64-debian-clang, r-devel-linux-x86_64-debian-gcc, r-devel-linux-x86_64-fedora-clang, r-devel-linux-x86_64-fedora-gcc, r-devel-windows-x86_64, r-patched-linux-x86_64, r-release-linux-x86_64, r-release-macos-arm64, r-release-macos-x86_64, r-release-windows-x86_64, r-oldrel-macos-arm64, r-oldrel-macos-x86_64, r-oldrel-windows-x86_64
These binaries (installable software) and packages are in development.
They may not be fully stable and should be used with caution. We make no claims about them.