Last updated on 2024-05-04 01:48:55 CEST.
Flavor | Version | Tinstall | Tcheck | Ttotal | Status | Flags |
---|---|---|---|---|---|---|
r-devel-linux-x86_64-debian-clang | 2023.12.21 | 317.83 | 373.65 | 691.48 | OK | |
r-devel-linux-x86_64-fedora-clang | 2023.12.21 | 1011.12 | OK | |||
r-devel-linux-x86_64-fedora-gcc | 2023.12.21 | 990.97 | OK | |||
r-devel-windows-x86_64 | 2023.12.21 | 238.00 | 302.00 | 540.00 | OK | |
r-patched-linux-x86_64 | 2023.12.21 | 256.63 | 364.19 | 620.82 | OK | |
r-release-linux-x86_64 | 2023.12.21 | 233.78 | 359.53 | 593.31 | OK | |
r-release-macos-arm64 | 2023.12.21 | 185.00 | NOTE | |||
r-release-windows-x86_64 | 2023.12.21 | 233.00 | 306.00 | 539.00 | OK | |
r-oldrel-macos-arm64 | 2023.12.21 | 222.00 | NOTE | |||
r-oldrel-macos-x86_64 | 2023.12.21 | 346.00 | NOTE | |||
r-oldrel-windows-x86_64 | 2023.12.21 | 307.00 | 392.00 | 699.00 | OK |
Version: 2023.12.21
Check: installed package size
Result: NOTE
installed size is 10.2Mb
sub-directories of 1Mb or more:
R 1.1Mb
libs 8.7Mb
Flavors: r-release-macos-arm64, r-oldrel-macos-arm64, r-oldrel-macos-x86_64
These binaries (installable software) and packages are in development.
They may not be fully stable and should be used with caution. We make no claims about them.