Last updated on 2024-05-04 01:48:56 CEST.
Flavor | Version | Tinstall | Tcheck | Ttotal | Status | Flags |
---|---|---|---|---|---|---|
r-devel-linux-x86_64-debian-clang | 0.5.8 | 2.45 | 38.53 | 40.98 | NOTE | |
r-devel-linux-x86_64-fedora-clang | 0.5.8 | 54.76 | NOTE | |||
r-devel-linux-x86_64-fedora-gcc | 0.5.8 | 65.50 | NOTE | |||
r-devel-windows-x86_64 | 0.5.8 | 3.00 | 51.00 | 54.00 | NOTE | |
r-patched-linux-x86_64 | 0.5.8 | 2.58 | 38.11 | 40.69 | NOTE | |
r-release-linux-x86_64 | 0.5.8 | 2.42 | 37.85 | 40.27 | NOTE | |
r-release-macos-arm64 | 0.5.8 | 24.00 | NOTE | |||
r-release-windows-x86_64 | 0.5.8 | 3.00 | 49.00 | 52.00 | NOTE | |
r-oldrel-macos-arm64 | 0.5.8 | 30.00 | NOTE | |||
r-oldrel-macos-x86_64 | 0.5.8 | 34.00 | NOTE | |||
r-oldrel-windows-x86_64 | 0.5.8 | 3.00 | 50.00 | 53.00 | NOTE |
Version: 0.5.8
Check: package subdirectories
Result: NOTE
Problems with news in ‘NEWS.md’:
No news entries found.
Flavors: r-devel-linux-x86_64-debian-clang, r-devel-linux-x86_64-fedora-clang, r-devel-linux-x86_64-fedora-gcc, r-devel-windows-x86_64, r-patched-linux-x86_64, r-release-linux-x86_64, r-release-macos-arm64, r-release-windows-x86_64, r-oldrel-macos-arm64, r-oldrel-macos-x86_64, r-oldrel-windows-x86_64
Version: 0.5.8
Check: LazyData
Result: NOTE
'LazyData' is specified without a 'data' directory
Flavors: r-devel-linux-x86_64-debian-clang, r-devel-linux-x86_64-fedora-clang, r-devel-linux-x86_64-fedora-gcc, r-devel-windows-x86_64, r-patched-linux-x86_64, r-release-linux-x86_64, r-release-macos-arm64, r-release-windows-x86_64, r-oldrel-macos-arm64, r-oldrel-macos-x86_64, r-oldrel-windows-x86_64
These binaries (installable software) and packages are in development.
They may not be fully stable and should be used with caution. We make no claims about them.