Last updated on 2024-05-04 01:48:56 CEST.
Flavor | Version | Tinstall | Tcheck | Ttotal | Status | Flags |
---|---|---|---|---|---|---|
r-devel-linux-x86_64-debian-clang | 0.1.3 | 1.09 | 2.47 | 3.56 | ERROR | |
r-devel-linux-x86_64-fedora-clang | 0.1.3 | 882.56 | NOTE | |||
r-devel-linux-x86_64-fedora-gcc | 0.1.3 | 791.73 | OK | |||
r-devel-windows-x86_64 | 0.1.3 | 32.00 | 611.00 | 643.00 | NOTE | |
r-patched-linux-x86_64 | 0.1.3 | 24.96 | 607.74 | 632.70 | OK | |
r-release-linux-x86_64 | 0.1.2 | 27.15 | 611.72 | 638.87 | OK | |
r-release-macos-arm64 | 0.1.3 | 267.00 | ERROR | |||
r-release-macos-x86_64 | 0.1.3 | 532.00 | NOTE | |||
r-release-windows-x86_64 | 0.1.3 | 31.00 | 570.00 | 601.00 | NOTE | |
r-oldrel-macos-arm64 | 0.1.3 | 10.00 | ERROR | |||
r-oldrel-macos-x86_64 | 0.1.3 | 7.00 | ERROR | |||
r-oldrel-windows-x86_64 | 0.1.3 | 45.00 | 980.00 | 1025.00 | ERROR |
Version: 0.1.3
Check: package dependencies
Result: ERROR
Package required but not available: ‘GenomicRanges’
See section ‘The DESCRIPTION file’ in the ‘Writing R Extensions’
manual.
Flavor: r-devel-linux-x86_64-debian-clang
Version: 0.1.3
Check: installed package size
Result: NOTE
installed size is 5.2Mb
sub-directories of 1Mb or more:
doc 4.0Mb
Flavors: r-devel-linux-x86_64-fedora-clang, r-devel-windows-x86_64, r-release-macos-arm64, r-release-macos-x86_64, r-release-windows-x86_64, r-oldrel-windows-x86_64
Version: 0.1.3
Check: re-building of vignette outputs
Result: ERROR
Error(s) in re-building vignettes:
...
--- re-building ‘rnaCrosslinkOO.Rmd’ using rmarkdown
File rnaCrosslinkProtocol.jpg not found in resource path
Error: processing vignette 'rnaCrosslinkOO.Rmd' failed with diagnostics:
pandoc document conversion failed with error 99
--- failed re-building ‘rnaCrosslinkOO.Rmd’
SUMMARY: processing the following file failed:
‘rnaCrosslinkOO.Rmd’
Error: Vignette re-building failed.
Execution halted
Flavor: r-release-macos-arm64
Version: 0.1.3
Check: package dependencies
Result: ERROR
Package required but not available: ‘R4RNA’
See section ‘The DESCRIPTION file’ in the ‘Writing R Extensions’
manual.
Flavors: r-oldrel-macos-arm64, r-oldrel-macos-x86_64
Version: 0.1.3
Check: re-building of vignette outputs
Result: ERROR
Error(s) in re-building vignettes:
--- re-building 'rnaCrosslinkOO.Rmd' using rmarkdown
File rnaCrosslinkProtocol.jpg not found in resource path
Error: processing vignette 'rnaCrosslinkOO.Rmd' failed with diagnostics:
pandoc document conversion failed with error 99
--- failed re-building 'rnaCrosslinkOO.Rmd'
SUMMARY: processing the following file failed:
'rnaCrosslinkOO.Rmd'
Error: Vignette re-building failed.
Execution halted
Flavor: r-oldrel-windows-x86_64
These binaries (installable software) and packages are in development.
They may not be fully stable and should be used with caution. We make no claims about them.