Last updated on 2024-05-04 01:48:56 CEST.
Flavor | Version | Tinstall | Tcheck | Ttotal | Status | Flags |
---|---|---|---|---|---|---|
r-devel-linux-x86_64-debian-clang | 0.4.0 | 25.46 | 251.98 | 277.44 | OK | |
r-devel-linux-x86_64-fedora-clang | 0.4.0 | 336.94 | NOTE | |||
r-devel-linux-x86_64-fedora-gcc | 0.4.0 | 305.52 | OK | |||
r-devel-windows-x86_64 | 0.4.0 | 23.00 | 206.00 | 229.00 | OK | |
r-patched-linux-x86_64 | 0.4.0 | 27.44 | 237.32 | 264.76 | OK | |
r-release-linux-x86_64 | 0.4.0 | 24.07 | 236.54 | 260.61 | OK | |
r-release-macos-arm64 | 0.4.0 | 90.00 | OK | |||
r-release-macos-x86_64 | 0.4.0 | 133.00 | OK | |||
r-release-windows-x86_64 | 0.4.0 | 24.00 | 204.00 | 228.00 | OK | |
r-oldrel-macos-arm64 | 0.4.0 | 91.00 | OK | |||
r-oldrel-macos-x86_64 | 0.4.0 | 145.00 | OK | |||
r-oldrel-windows-x86_64 | 0.4.0 | 31.00 | 248.00 | 279.00 | OK |
Version: 0.4.0
Check: Rd cross-references
Result: NOTE
Undeclared packages ‘netmeta’, ‘metafor’ in Rd xrefs
Flavor: r-devel-linux-x86_64-fedora-clang
These binaries (installable software) and packages are in development.
They may not be fully stable and should be used with caution. We make no claims about them.